CRAN Package Check Results for Package countrycode

Last updated on 2021-09-18 10:52:36 CEST.

Flavor Version Tinstall Tcheck Ttotal Status Flags
r-devel-linux-x86_64-debian-clang 1.3.0 4.10 125.01 129.11 OK
r-devel-linux-x86_64-debian-gcc 1.3.0 4.02 89.08 93.10 OK
r-devel-linux-x86_64-fedora-clang 1.3.0 157.99 NOTE
r-devel-linux-x86_64-fedora-gcc 1.3.0 149.48 NOTE
r-devel-windows-x86_64 1.3.0 6.00 208.00 214.00 OK
r-devel-windows-x86_64-gcc10-UCRT 1.3.0 NOTE
r-patched-linux-x86_64 1.3.0 4.32 119.91 124.23 OK
r-patched-solaris-x86 1.3.0 121.60 NOTE
r-release-linux-x86_64 1.3.0 3.84 118.55 122.39 OK
r-release-macos-arm64 1.3.0 NOTE
r-release-macos-x86_64 1.3.0 NOTE
r-release-windows-ix86+x86_64 1.3.0 9.00 159.00 168.00 OK
r-oldrel-macos-x86_64 1.3.0 NOTE
r-oldrel-windows-ix86+x86_64 1.3.0 8.00 172.00 180.00 OK

Check Details

Version: 1.3.0
Check: data for non-ASCII characters
Result: NOTE
     Note: found 128401 marked UTF-8 strings
Flavors: r-devel-linux-x86_64-fedora-clang, r-devel-linux-x86_64-fedora-gcc, r-devel-windows-x86_64-gcc10-UCRT, r-patched-solaris-x86, r-release-macos-arm64, r-release-macos-x86_64, r-oldrel-macos-x86_64