CRAN Package Check Results for Package countrycode

Last updated on 2020-02-22 22:47:43 CET.

Flavor Version Tinstall Tcheck Ttotal Status Flags
r-devel-linux-x86_64-debian-clang 1.1.1 3.99 43.00 46.99 OK
r-devel-linux-x86_64-debian-gcc 1.1.1 3.85 32.20 36.05 OK
r-devel-linux-x86_64-fedora-clang 1.1.1 56.53 NOTE
r-devel-linux-x86_64-fedora-gcc 1.1.1 56.43 NOTE
r-devel-windows-ix86+x86_64 1.1.1 9.00 98.00 107.00 OK
r-devel-windows-ix86+x86_64-gcc8 1.1.1 12.00 128.00 140.00 OK
r-patched-linux-x86_64 1.1.1 OK
r-patched-solaris-x86 1.1.1 83.50 NOTE
r-release-linux-x86_64 1.1.1 4.27 38.44 42.71 OK
r-release-windows-ix86+x86_64 1.1.1 7.00 98.00 105.00 OK
r-release-osx-x86_64 1.1.1 NOTE
r-oldrel-windows-ix86+x86_64 1.1.1 8.00 99.00 107.00 OK
r-oldrel-osx-x86_64 1.1.1 NOTE

Check Details

Version: 1.1.1
Check: data for non-ASCII characters
Result: NOTE
     Note: found 190294 marked UTF-8 strings
Flavors: r-devel-linux-x86_64-fedora-clang, r-devel-linux-x86_64-fedora-gcc, r-patched-solaris-x86, r-release-osx-x86_64, r-oldrel-osx-x86_64