Last updated on 2024-04-18 22:52:36 CEST.
Flavor | Version | Tinstall | Tcheck | Ttotal | Status | Flags |
---|---|---|---|---|---|---|
r-devel-linux-x86_64-debian-clang | 0.1.4 | 196.64 | 39.67 | 236.31 | NOTE | |
r-devel-linux-x86_64-debian-gcc | 0.1.4 | 155.56 | 30.67 | 186.23 | NOTE | |
r-devel-linux-x86_64-fedora-clang | 0.1.4 | 360.72 | NOTE | |||
r-devel-linux-x86_64-fedora-gcc | 0.1.4 | 348.03 | NOTE | |||
r-prerel-macos-arm64 | 0.1.4 | 64.00 | NOTE | |||
r-prerel-windows-x86_64 | 0.1.4 | 150.00 | 77.00 | 227.00 | NOTE | |
r-patched-linux-x86_64 | 0.1.4 | 191.12 | 37.73 | 228.85 | NOTE | |
r-release-linux-x86_64 | 0.1.4 | 195.21 | 39.06 | 234.27 | NOTE | |
r-release-macos-arm64 | 0.1.4 | 82.00 | NOTE | |||
r-release-macos-x86_64 | 0.1.4 | 119.00 | NOTE | |||
r-release-windows-x86_64 | 0.1.4 | 184.00 | 87.00 | 271.00 | NOTE | |
r-oldrel-macos-arm64 | 0.1.4 | 64.00 | NOTE | |||
r-oldrel-windows-x86_64 | 0.1.4 | 183.00 | 81.00 | 264.00 | NOTE |
Version: 0.1.4
Check: C++ specification
Result: NOTE
Specified C++11: please drop specification unless essential
Flavors: r-devel-linux-x86_64-debian-clang, r-devel-linux-x86_64-debian-gcc, r-devel-linux-x86_64-fedora-clang, r-devel-linux-x86_64-fedora-gcc, r-prerel-macos-arm64, r-prerel-windows-x86_64, r-patched-linux-x86_64, r-release-linux-x86_64, r-release-macos-arm64, r-release-macos-x86_64, r-release-windows-x86_64
Version: 0.1.4
Check: LazyData
Result: NOTE
'LazyData' is specified without a 'data' directory
Flavors: r-devel-linux-x86_64-debian-clang, r-devel-linux-x86_64-debian-gcc, r-devel-linux-x86_64-fedora-clang, r-devel-linux-x86_64-fedora-gcc, r-prerel-macos-arm64, r-prerel-windows-x86_64, r-patched-linux-x86_64, r-release-linux-x86_64, r-release-macos-arm64, r-release-macos-x86_64, r-release-windows-x86_64, r-oldrel-macos-arm64, r-oldrel-windows-x86_64