CRAN Package Check Results for Package covTestR

Last updated on 2024-06-23 22:48:28 CEST.

Flavor Version Tinstall Tcheck Ttotal Status Flags
r-devel-linux-x86_64-debian-clang 0.1.4 209.98 39.66 249.64 NOTE
r-devel-linux-x86_64-debian-gcc 0.1.4 136.14 30.45 166.59 NOTE
r-devel-linux-x86_64-fedora-clang 0.1.4 356.06 NOTE
r-devel-linux-x86_64-fedora-gcc 0.1.4 371.28 NOTE
r-devel-windows-x86_64 0.1.4 154.00 76.00 230.00 NOTE
r-patched-linux-x86_64 0.1.4 167.70 39.23 206.93 NOTE
r-release-linux-x86_64 0.1.4 171.01 38.90 209.91 NOTE
r-release-macos-arm64 0.1.4 64.00 NOTE
r-release-macos-x86_64 0.1.4 64.00 NOTE
r-release-windows-x86_64 0.1.4 156.00 77.00 233.00 NOTE
r-oldrel-macos-arm64 0.1.4 82.00 NOTE
r-oldrel-macos-x86_64 0.1.4 119.00 NOTE
r-oldrel-windows-x86_64 0.1.4 183.00 88.00 271.00 NOTE

Check Details

Version: 0.1.4
Check: C++ specification
Result: NOTE Specified C++11: please drop specification unless essential Flavors: r-devel-linux-x86_64-debian-clang, r-devel-linux-x86_64-debian-gcc, r-devel-linux-x86_64-fedora-clang, r-devel-linux-x86_64-fedora-gcc, r-devel-windows-x86_64, r-patched-linux-x86_64, r-release-linux-x86_64, r-release-macos-arm64, r-release-macos-x86_64, r-release-windows-x86_64, r-oldrel-macos-arm64, r-oldrel-macos-x86_64, r-oldrel-windows-x86_64

Version: 0.1.4
Check: LazyData
Result: NOTE 'LazyData' is specified without a 'data' directory Flavors: r-devel-linux-x86_64-debian-clang, r-devel-linux-x86_64-debian-gcc, r-devel-linux-x86_64-fedora-clang, r-devel-linux-x86_64-fedora-gcc, r-devel-windows-x86_64, r-patched-linux-x86_64, r-release-linux-x86_64, r-release-macos-arm64, r-release-macos-x86_64, r-release-windows-x86_64, r-oldrel-macos-arm64, r-oldrel-macos-x86_64, r-oldrel-windows-x86_64