CRAN Package Check Results for Package covid19.analytics

Last updated on 2022-10-05 21:53:30 CEST.

Flavor Version Tinstall Tcheck Ttotal Status Flags
r-devel-linux-x86_64-debian-clang 2.1.3 15.55 370.29 385.84 OK
r-devel-linux-x86_64-debian-gcc 2.1.3 12.79 244.36 257.15 OK
r-devel-linux-x86_64-fedora-clang 2.1.3 468.02 NOTE
r-devel-linux-x86_64-fedora-gcc 2.1.3 436.20 OK
r-devel-windows-x86_64 2.1.3 317.00 355.00 672.00 NOTE
r-patched-linux-x86_64 2.1.3 13.76 345.78 359.54 OK
r-release-linux-x86_64 2.1.3 14.00 343.08 357.08 OK
r-release-macos-arm64 2.1.3 115.00 NOTE
r-release-macos-x86_64 2.1.3 151.00 NOTE
r-release-windows-x86_64 2.1.3 22.00 340.00 362.00 NOTE
r-oldrel-macos-arm64 2.1.3 97.00 NOTE
r-oldrel-macos-x86_64 2.1.3 156.00 NOTE
r-oldrel-windows-ix86+x86_64 2.1.3 32.00 586.00 618.00 NOTE

Check Details

Version: 2.1.3
Check: installed package size
Result: NOTE
     installed size is 5.1Mb
     sub-directories of 1Mb or more:
     doc 1.6Mb
     extdata 2.7Mb
Flavors: r-devel-linux-x86_64-fedora-clang, r-devel-windows-x86_64, r-release-macos-arm64, r-release-macos-x86_64, r-release-windows-x86_64, r-oldrel-macos-arm64, r-oldrel-macos-x86_64, r-oldrel-windows-ix86+x86_64