CRAN Package Check Results for Package cowplot

Last updated on 2021-09-25 22:54:02 CEST.

Flavor Version Tinstall Tcheck Ttotal Status Flags
r-devel-linux-x86_64-debian-clang 1.1.1 6.68 110.13 116.81 NOTE
r-devel-linux-x86_64-debian-gcc 1.1.1 5.48 79.31 84.79 NOTE
r-devel-linux-x86_64-fedora-clang 1.1.1 142.65 NOTE
r-devel-linux-x86_64-fedora-gcc 1.1.1 129.82 NOTE
r-devel-windows-x86_64 1.1.1 8.00 111.00 119.00 NOTE
r-devel-windows-x86_64-gcc10-UCRT 1.1.1 NOTE
r-patched-linux-x86_64 1.1.1 10.53 99.29 109.82 NOTE
r-patched-solaris-x86 1.1.1 172.00 NOTE
r-release-linux-x86_64 1.1.1 6.11 98.29 104.40 NOTE
r-release-macos-arm64 1.1.1 NOTE
r-release-macos-x86_64 1.1.1 NOTE
r-release-windows-ix86+x86_64 1.1.1 15.00 100.00 115.00 NOTE
r-oldrel-macos-x86_64 1.1.1 OK
r-oldrel-windows-ix86+x86_64 1.1.1 12.00 103.00 115.00 OK

Check Details

Version: 1.1.1
Check: LazyData
Result: NOTE
     'LazyData' is specified without a 'data' directory
Flavors: r-devel-linux-x86_64-debian-clang, r-devel-linux-x86_64-debian-gcc, r-devel-linux-x86_64-fedora-clang, r-devel-linux-x86_64-fedora-gcc, r-devel-windows-x86_64, r-devel-windows-x86_64-gcc10-UCRT, r-patched-linux-x86_64, r-patched-solaris-x86, r-release-linux-x86_64, r-release-macos-arm64, r-release-macos-x86_64, r-release-windows-ix86+x86_64