Last updated on 2024-04-23 22:55:19 CEST.
Flavor | Version | Tinstall | Tcheck | Ttotal | Status | Flags |
---|---|---|---|---|---|---|
r-devel-linux-x86_64-debian-clang | 0.3.3 | 17.83 | 190.08 | 207.91 | OK | |
r-devel-linux-x86_64-debian-gcc | 0.3.3 | 10.31 | 139.88 | 150.19 | OK | |
r-devel-linux-x86_64-fedora-clang | 0.3.3 | 256.81 | NOTE | |||
r-devel-linux-x86_64-fedora-gcc | 0.3.3 | 254.77 | NOTE | |||
r-prerel-macos-arm64 | 0.3.3 | 75.00 | OK | |||
r-prerel-windows-x86_64 | 0.3.3 | 15.00 | 162.00 | 177.00 | OK | |
r-patched-linux-x86_64 | 0.3.3 | 19.43 | 182.40 | 201.83 | OK | |
r-release-linux-x86_64 | 0.3.3 | 14.79 | 185.15 | 199.94 | OK | |
r-release-macos-arm64 | 0.3.3 | 86.00 | OK | |||
r-release-macos-x86_64 | 0.3.3 | 122.00 | OK | |||
r-release-windows-x86_64 | 0.3.3 | 20.00 | 199.00 | 219.00 | OK | |
r-oldrel-macos-arm64 | 0.3.3 | 92.00 | NOTE | |||
r-oldrel-windows-x86_64 | 0.3.3 | 21.00 | 194.00 | 215.00 | OK |
Version: 0.3.3
Check: dependencies in R code
Result: NOTE
Namespace in Imports field not imported from: ‘mediation’
All declared Imports should be used.
Flavors: r-devel-linux-x86_64-fedora-clang, r-devel-linux-x86_64-fedora-gcc, r-oldrel-macos-arm64