CRAN Package Check Results for Package coxinterval

Last updated on 2019-07-21 22:49:51 CEST.

Flavor Version Tinstall Tcheck Ttotal Status Flags
r-devel-linux-x86_64-debian-clang 1.2 10.45 59.63 70.08 NOTE
r-devel-linux-x86_64-debian-gcc 1.2 7.74 48.86 56.60 NOTE
r-devel-linux-x86_64-fedora-clang 1.2 85.58 NOTE
r-devel-linux-x86_64-fedora-gcc 1.2 81.37 NOTE
r-devel-windows-ix86+x86_64 1.2 19.00 130.00 149.00 NOTE
r-patched-linux-x86_64 1.2 8.89 59.44 68.33 NOTE
r-patched-solaris-x86 1.2 131.20 NOTE
r-release-linux-x86_64 1.2 8.85 59.71 68.56 NOTE
r-release-windows-ix86+x86_64 1.2 19.00 96.00 115.00 NOTE
r-release-osx-x86_64 1.2 NOTE
r-oldrel-windows-ix86+x86_64 1.2 22.00 83.00 105.00 NOTE
r-oldrel-osx-x86_64 1.2 NOTE

Check Details

Version: 1.2
Check: R code for possible problems
Result: NOTE
    coxaalen: no visible global function definition for 'terms'
    coxaalen: no visible global function definition for 'model.matrix'
    coxaalen: no visible binding for global variable 'frame'
    coxaalen: no visible global function definition for 'update.formula'
    coxaalen: no visible global function definition for 'capture.output'
    coxdual: no visible global function definition for 'terms'
    coxdual: no visible global function definition for 'model.matrix'
    coxdual: no visible binding for global variable 'frame'
    coxdual: no visible global function definition for 'update.formula'
    coxdual: no visible global function definition for 'as.formula'
    coxdual: no visible global function definition for 'capture.output'
    frame.assign: no visible global function definition for 'model.matrix'
    linapprox: no visible global function definition for 'approx'
    print.coxinterval: no visible global function definition for 'pchisq'
    print.summary.coxinterval : f: no visible global function definition
     for 'printCoefmat'
    step2stepfun : f: no visible global function definition for 'stepfun'
    summary.coxinterval : f: no visible global function definition for
     'pchisq'
    summary.coxinterval : f: no visible global function definition for
     'qnorm'
    Undefined global functions or variables:
     approx as.formula capture.output frame model.matrix pchisq
     printCoefmat qnorm stepfun terms update.formula
    Consider adding
     importFrom("graphics", "frame")
     importFrom("stats", "approx", "as.formula", "model.matrix", "pchisq",
     "printCoefmat", "qnorm", "stepfun", "terms",
     "update.formula")
     importFrom("utils", "capture.output")
    to your NAMESPACE file.
Flavors: r-devel-linux-x86_64-debian-clang, r-devel-linux-x86_64-debian-gcc, r-devel-linux-x86_64-fedora-clang, r-devel-linux-x86_64-fedora-gcc, r-devel-windows-ix86+x86_64, r-patched-linux-x86_64, r-patched-solaris-x86, r-release-linux-x86_64, r-release-windows-ix86+x86_64, r-release-osx-x86_64, r-oldrel-windows-ix86+x86_64, r-oldrel-osx-x86_64

Version: 1.2
Check: for GNU extensions in Makefiles
Result: NOTE
    GNU make is a SystemRequirements.
Flavors: r-devel-linux-x86_64-debian-clang, r-devel-linux-x86_64-debian-gcc, r-devel-linux-x86_64-fedora-clang, r-devel-linux-x86_64-fedora-gcc, r-devel-windows-ix86+x86_64, r-patched-linux-x86_64, r-patched-solaris-x86, r-release-linux-x86_64, r-release-windows-ix86+x86_64, r-release-osx-x86_64, r-oldrel-windows-ix86+x86_64, r-oldrel-osx-x86_64

Version: 1.2
Check: compiled code
Result: NOTE
    File ‘coxinterval/libs/coxinterval.so’:
     Found no calls to: ‘R_registerRoutines’, ‘R_useDynamicSymbols’
    
    It is good practice to register native routines and to disable symbol
    search.
    
    See ‘Writing portable packages’ in the ‘Writing R Extensions’ manual.
Flavors: r-devel-linux-x86_64-fedora-clang, r-devel-linux-x86_64-fedora-gcc