CRAN Package Check Results for Package cplexAPI

Last updated on 2019-08-22 22:46:52 CEST.

Flavor Version Tinstall Tcheck Ttotal Status Flags
r-devel-linux-x86_64-debian-clang 1.3.6 6.69 50.44 57.13 OK --no-examples --no-tests --no-vignettes
r-devel-linux-x86_64-debian-gcc 1.3.6 6.30 39.75 46.05 OK --no-examples --no-tests --no-vignettes
r-devel-windows-ix86+x86_64 1.3.6 3.00 7.00 10.00 ERROR
r-patched-linux-x86_64 1.3.6 7.32 50.10 57.42 OK --no-examples --no-tests --no-vignettes
r-release-linux-x86_64 1.3.6 7.28 49.92 57.20 OK --no-examples --no-tests --no-vignettes
r-release-osx-x86_64 1.3.6 ERROR
r-oldrel-windows-ix86+x86_64 1.3.3 2.00 4.00 6.00 ERROR
r-oldrel-osx-x86_64 1.3.6 ERROR

Check Details

Version: 1.3.6
Check: whether package can be installed
Result: ERROR
    Installation failed.
Flavors: r-devel-windows-ix86+x86_64, r-release-osx-x86_64, r-oldrel-osx-x86_64

Version: 1.3.3
Check: whether package can be installed
Result: ERROR
    Installation failed.
Flavor: r-oldrel-windows-ix86+x86_64