CRAN Package Check Results for Package cpp11

Last updated on 2021-08-05 22:54:42 CEST.

Flavor Version Tinstall Tcheck Ttotal Status Flags
r-devel-linux-x86_64-debian-clang 0.3.1 2.20 61.43 63.63 OK
r-devel-linux-x86_64-debian-gcc 0.3.1 1.79 40.19 41.98 OK
r-devel-linux-x86_64-fedora-clang 0.3.1 87.88 OK
r-devel-linux-x86_64-fedora-gcc 0.3.1 69.50 OK
r-devel-windows-x86_64 0.3.1 4.00 79.00 83.00 OK
r-devel-windows-x86_64-gcc10-UCRT 0.3.1 ERROR
r-patched-linux-x86_64 0.3.1 2.33 52.70 55.03 OK
r-patched-solaris-x86 0.3.1 63.00 OK
r-release-linux-x86_64 0.3.1 1.90 53.48 55.38 OK
r-release-macos-arm64 0.3.1 WARN
r-release-macos-x86_64 0.3.1 WARN
r-release-windows-ix86+x86_64 0.3.1 8.00 80.00 88.00 OK
r-oldrel-macos-x86_64 0.3.1 OK
r-oldrel-windows-ix86+x86_64 0.3.1 6.00 78.00 84.00 OK

Check Details

Version: 0.3.1
Check: package dependencies
Result: NOTE
    Packages suggested but not available for checking:
     'bench', 'cli', 'decor', 'ggplot2', 'mockery', 'testthat', 'tibble'
Flavor: r-devel-windows-x86_64-gcc10-UCRT

Version: 0.3.1
Check: examples
Result: ERROR
    Running examples in 'cpp11-Ex.R' failed
    The error most likely occurred in:
    
    > ### Name: cpp_register
    > ### Title: Generates wrappers for registered C++ functions
    > ### Aliases: cpp_register
    >
    > ### ** Examples
    >
    > # create a minimal package
    > dir <- tempfile()
    > dir.create(dir)
    >
    > writeLines("Package: testPkg", file.path(dir, "DESCRIPTION"))
    > writeLines("useDynLib(testPkg, .registration = TRUE)", file.path(dir, "NAMESPACE"))
    >
    > # create a C++ file with a decorated function
    > dir.create(file.path(dir, "src"))
    > writeLines("[[cpp11::register]] int one() { return 1; }", file.path(dir, "src", "one.cpp"))
    >
    > # register the functions in the package
    > cpp_register(dir)
    Error: The cli, decor, tibble package(s) are required for this functionality
    Execution halted
Flavor: r-devel-windows-x86_64-gcc10-UCRT

Version: 0.3.1
Check: tests
Result: ERROR
     Running 'testthat.R'
    Running the tests in 'tests/testthat.R' failed.
    Complete output:
     > library(testthat)
     Error in library(testthat) : there is no package called 'testthat'
     Execution halted
Flavor: r-devel-windows-x86_64-gcc10-UCRT

Version: 0.3.1
Check: re-building of vignette outputs
Result: WARN
    Error(s) in re-building vignettes:
    --- re-building 'converting.Rmd' using rmarkdown
    Quitting from lines 116-129 (converting.Rmd)
    Error: processing vignette 'converting.Rmd' failed with diagnostics:
    there is no package called 'ggplot2'
    --- failed re-building 'converting.Rmd'
    
    --- re-building 'cpp11.Rmd' using rmarkdown
    Warning in get_engine(options$engine) :
     Unknown language engine 'cpp11' (must be registered via knit_engines$set()).
    Warning in get_engine(options$engine) :
     Unknown language engine 'cpp11' (must be registered via knit_engines$set()).
    Warning in get_engine(options$engine) :
     Unknown language engine 'cpp11' (must be registered via knit_engines$set()).
    Warning in get_engine(options$engine) :
     Unknown language engine 'cpp11' (must be registered via knit_engines$set()).
    Warning in get_engine(options$engine) :
     Unknown language engine 'cpp11' (must be registered via knit_engines$set()).
    Warning in get_engine(options$engine) :
     Unknown language engine 'cpp11' (must be registered via knit_engines$set()).
    Warning in get_engine(options$engine) :
     Unknown language engine 'cpp11' (must be registered via knit_engines$set()).
    Warning in get_engine(options$engine) :
     Unknown language engine 'cpp11' (must be registered via knit_engines$set()).
    Warning in get_engine(options$engine) :
     Unknown language engine 'cpp11' (must be registered via knit_engines$set()).
    Warning in get_engine(options$engine) :
     Unknown language engine 'cpp11' (must be registered via knit_engines$set()).
    Warning in get_engine(options$engine) :
     Unknown language engine 'cpp11' (must be registered via knit_engines$set()).
    Warning in get_engine(options$engine) :
     Unknown language engine 'cpp11' (must be registered via knit_engines$set()).
    Warning in get_engine(options$engine) :
     Unknown language engine 'cpp11' (must be registered via knit_engines$set()).
    Warning in get_engine(options$engine) :
     Unknown language engine 'cpp11' (must be registered via knit_engines$set()).
    Warning in get_engine(options$engine) :
     Unknown language engine 'cpp11' (must be registered via knit_engines$set()).
    Warning in get_engine(options$engine) :
     Unknown language engine 'cpp11' (must be registered via knit_engines$set()).
    --- finished re-building 'cpp11.Rmd'
    
    --- re-building 'internals.Rmd' using rmarkdown
    --- finished re-building 'internals.Rmd'
    
    --- re-building 'motivations.Rmd' using rmarkdown
    Quitting from lines 449-461 (motivations.Rmd)
    Error: processing vignette 'motivations.Rmd' failed with diagnostics:
    there is no package called 'ggplot2'
    --- failed re-building 'motivations.Rmd'
    
    SUMMARY: processing the following files failed:
     'converting.Rmd' 'motivations.Rmd'
    
    Error: Vignette re-building failed.
    Execution halted
Flavor: r-devel-windows-x86_64-gcc10-UCRT

Version: 0.3.1
Check: re-building of vignette outputs
Result: WARN
    Error(s) in re-building vignettes:
    --- re-building ‘converting.Rmd’ using rmarkdown
    Warning in engine$weave(file, quiet = quiet, encoding = enc) :
     Pandoc (>= 1.12.3) not available. Falling back to R Markdown v1.
    --- finished re-building ‘converting.Rmd’
    
    --- re-building ‘cpp11.Rmd’ using rmarkdown
    Warning in engine$weave(file, quiet = quiet, encoding = enc) :
     Pandoc (>= 1.12.3) not available. Falling back to R Markdown v1.
    Warning in get_engine(options$engine) :
     Unknown language engine 'cpp11' (must be registered via knit_engines$set()).
    Warning in get_engine(options$engine) :
     Unknown language engine 'cpp11' (must be registered via knit_engines$set()).
    Warning in get_engine(options$engine) :
     Unknown language engine 'cpp11' (must be registered via knit_engines$set()).
    Warning in get_engine(options$engine) :
     Unknown language engine 'cpp11' (must be registered via knit_engines$set()).
    Warning in get_engine(options$engine) :
     Unknown language engine 'cpp11' (must be registered via knit_engines$set()).
    Warning in get_engine(options$engine) :
     Unknown language engine 'cpp11' (must be registered via knit_engines$set()).
    Warning in get_engine(options$engine) :
     Unknown language engine 'cpp11' (must be registered via knit_engines$set()).
    Warning in get_engine(options$engine) :
     Unknown language engine 'cpp11' (must be registered via knit_engines$set()).
    Warning in get_engine(options$engine) :
     Unknown language engine 'cpp11' (must be registered via knit_engines$set()).
    Warning in get_engine(options$engine) :
     Unknown language engine 'cpp11' (must be registered via knit_engines$set()).
    Warning in get_engine(options$engine) :
     Unknown language engine 'cpp11' (must be registered via knit_engines$set()).
    Warning in get_engine(options$engine) :
     Unknown language engine 'cpp11' (must be registered via knit_engines$set()).
    Warning in get_engine(options$engine) :
     Unknown language engine 'cpp11' (must be registered via knit_engines$set()).
    Warning in get_engine(options$engine) :
     Unknown language engine 'cpp11' (must be registered via knit_engines$set()).
    Warning in get_engine(options$engine) :
     Unknown language engine 'cpp11' (must be registered via knit_engines$set()).
    Warning in get_engine(options$engine) :
     Unknown language engine 'cpp11' (must be registered via knit_engines$set()).
    --- finished re-building ‘cpp11.Rmd’
    
    --- re-building ‘internals.Rmd’ using rmarkdown
    Warning in engine$weave(file, quiet = quiet, encoding = enc) :
     Pandoc (>= 1.12.3) not available. Falling back to R Markdown v1.
    --- finished re-building ‘internals.Rmd’
    
    --- re-building ‘motivations.Rmd’ using rmarkdown
    Warning in engine$weave(file, quiet = quiet, encoding = enc) :
     Pandoc (>= 1.12.3) not available. Falling back to R Markdown v1.
    Quitting from lines 449-461 (motivations.Rmd)
    Error: processing vignette 'motivations.Rmd' failed with diagnostics:
    package or namespace load failed for 'ggplot2' in loadNamespace(j <- i[[1L]], c(lib.loc, .libPaths()), versionCheck = vI[[j]]):
     there is no package called 'vctrs'
    --- failed re-building ‘motivations.Rmd’
    
    SUMMARY: processing the following file failed:
     ‘motivations.Rmd’
    
    Error: Vignette re-building failed.
    Execution halted
Flavor: r-release-macos-arm64

Version: 0.3.1
Check: re-building of vignette outputs
Result: WARN
    Error(s) in re-building vignettes:
    --- re-building ‘converting.Rmd’ using rmarkdown
    Warning in engine$weave(file, quiet = quiet, encoding = enc) :
     Pandoc (>= 1.12.3) not available. Falling back to R Markdown v1.
    Quitting from lines 116-129 (converting.Rmd)
    Error: processing vignette 'converting.Rmd' failed with diagnostics:
    package or namespace load failed for 'ggplot2' in loadNamespace(j <- i[[1L]], c(lib.loc, .libPaths()), versionCheck = vI[[j]]):
     there is no package called 'utf8'
    --- failed re-building ‘converting.Rmd’
    
    --- re-building ‘cpp11.Rmd’ using rmarkdown
    Warning in engine$weave(file, quiet = quiet, encoding = enc) :
     Pandoc (>= 1.12.3) not available. Falling back to R Markdown v1.
    Warning in get_engine(options$engine) :
     Unknown language engine 'cpp11' (must be registered via knit_engines$set()).
    Warning in get_engine(options$engine) :
     Unknown language engine 'cpp11' (must be registered via knit_engines$set()).
    Warning in get_engine(options$engine) :
     Unknown language engine 'cpp11' (must be registered via knit_engines$set()).
    Warning in get_engine(options$engine) :
     Unknown language engine 'cpp11' (must be registered via knit_engines$set()).
    Warning in get_engine(options$engine) :
     Unknown language engine 'cpp11' (must be registered via knit_engines$set()).
    Warning in get_engine(options$engine) :
     Unknown language engine 'cpp11' (must be registered via knit_engines$set()).
    Warning in get_engine(options$engine) :
     Unknown language engine 'cpp11' (must be registered via knit_engines$set()).
    Warning in get_engine(options$engine) :
     Unknown language engine 'cpp11' (must be registered via knit_engines$set()).
    Warning in get_engine(options$engine) :
     Unknown language engine 'cpp11' (must be registered via knit_engines$set()).
    Warning in get_engine(options$engine) :
     Unknown language engine 'cpp11' (must be registered via knit_engines$set()).
    Warning in get_engine(options$engine) :
     Unknown language engine 'cpp11' (must be registered via knit_engines$set()).
    Warning in get_engine(options$engine) :
     Unknown language engine 'cpp11' (must be registered via knit_engines$set()).
    Warning in get_engine(options$engine) :
     Unknown language engine 'cpp11' (must be registered via knit_engines$set()).
    Warning in get_engine(options$engine) :
     Unknown language engine 'cpp11' (must be registered via knit_engines$set()).
    Warning in get_engine(options$engine) :
     Unknown language engine 'cpp11' (must be registered via knit_engines$set()).
    Warning in get_engine(options$engine) :
     Unknown language engine 'cpp11' (must be registered via knit_engines$set()).
    --- finished re-building ‘cpp11.Rmd’
    
    --- re-building ‘internals.Rmd’ using rmarkdown
    Warning in engine$weave(file, quiet = quiet, encoding = enc) :
     Pandoc (>= 1.12.3) not available. Falling back to R Markdown v1.
    --- finished re-building ‘internals.Rmd’
    
    --- re-building ‘motivations.Rmd’ using rmarkdown
    Warning in engine$weave(file, quiet = quiet, encoding = enc) :
     Pandoc (>= 1.12.3) not available. Falling back to R Markdown v1.
    --- finished re-building ‘motivations.Rmd’
    
    SUMMARY: processing the following file failed:
     ‘converting.Rmd’
    
    Error: Vignette re-building failed.
    Execution halted
Flavor: r-release-macos-x86_64