Last updated on 2024-03-28 23:01:41 CET.
Flavor | Version | Tinstall | Tcheck | Ttotal | Status | Flags |
---|---|---|---|---|---|---|
r-devel-linux-x86_64-debian-clang | 0.4.0 | 88.56 | 443.87 | 532.43 | OK | |
r-devel-linux-x86_64-debian-gcc | 0.4.0 | 59.00 | 327.59 | 386.59 | OK | |
r-devel-linux-x86_64-fedora-clang | 0.4.0 | 663.62 | OK | |||
r-devel-linux-x86_64-fedora-gcc | 0.4.0 | 684.31 | OK | |||
r-devel-windows-x86_64 | 0.4.0 | 63.00 | 350.00 | 413.00 | OK | |
r-patched-linux-x86_64 | 0.4.0 | 60.81 | 423.08 | 483.89 | OK | |
r-release-linux-x86_64 | 0.4.0 | 60.44 | 403.41 | 463.85 | OK | |
r-release-macos-arm64 | 0.4.0 | 182.00 | NOTE | |||
r-release-macos-x86_64 | 0.4.0 | 354.00 | NOTE | |||
r-release-windows-x86_64 | 0.4.0 | 81.00 | 428.00 | 509.00 | OK | |
r-oldrel-macos-arm64 | 0.4.0 | 280.00 | NOTE | |||
r-oldrel-windows-x86_64 | 0.4.0 | 80.00 | 423.00 | 503.00 | OK |
Version: 0.4.0
Check: installed package size
Result: NOTE
installed size is 5.3Mb
sub-directories of 1Mb or more:
doc 1.6Mb
libs 2.9Mb
Flavors: r-release-macos-arm64, r-release-macos-x86_64, r-oldrel-macos-arm64