CRAN Package Check Results for Package cqrReg

Last updated on 2020-01-18 22:48:29 CET.

Flavor Version Tinstall Tcheck Ttotal Status Flags
r-devel-linux-x86_64-debian-clang 1.2 173.66 67.74 241.40 NOTE
r-devel-linux-x86_64-debian-gcc 1.2 108.30 53.51 161.81 NOTE
r-devel-linux-x86_64-fedora-clang 1.2 315.82 NOTE
r-devel-linux-x86_64-fedora-gcc 1.2 298.78 NOTE
r-devel-windows-ix86+x86_64 1.2 380.00 119.00 499.00 NOTE
r-devel-windows-ix86+x86_64-gcc8 1.2 330.00 171.00 501.00 NOTE
r-patched-linux-x86_64 1.2 125.11 59.45 184.56 NOTE
r-patched-solaris-x86 1.2 271.00 NOTE
r-release-linux-x86_64 1.2 125.52 59.30 184.82 NOTE
r-release-windows-ix86+x86_64 1.2 375.00 105.00 480.00 NOTE
r-release-osx-x86_64 1.2 NOTE
r-oldrel-windows-ix86+x86_64 1.2 329.00 103.00 432.00 NOTE
r-oldrel-osx-x86_64 1.2 NOTE

Check Details

Version: 1.2
Check: R code for possible problems
Result: NOTE
    QR.cd: no visible global function definition for 'quantile'
    QR.lasso.cd: no visible global function definition for 'quantile'
    cqr.cd: no visible global function definition for 'quantile'
    cqr.lasso.cd: no visible global function definition for 'quantile'
    cqr.lasso.mm: no visible global function definition for 'quantile'
    cqr.mm: no visible global function definition for 'quantile'
    Undefined global functions or variables:
     quantile
    Consider adding
     importFrom("stats", "quantile")
    to your NAMESPACE file.
Flavors: r-devel-linux-x86_64-debian-clang, r-devel-linux-x86_64-debian-gcc, r-devel-linux-x86_64-fedora-clang, r-devel-linux-x86_64-fedora-gcc, r-devel-windows-ix86+x86_64, r-devel-windows-ix86+x86_64-gcc8, r-patched-linux-x86_64, r-patched-solaris-x86, r-release-linux-x86_64, r-release-windows-ix86+x86_64, r-release-osx-x86_64, r-oldrel-windows-ix86+x86_64, r-oldrel-osx-x86_64

Version: 1.2
Check: installed package size
Result: NOTE
     installed size is 8.7Mb
     sub-directories of 1Mb or more:
     libs 8.5Mb
Flavors: r-devel-linux-x86_64-fedora-clang, r-release-osx-x86_64, r-oldrel-osx-x86_64

Version: 1.2
Check: compiled code
Result: NOTE
    File ‘cqrReg/libs/cqrReg.so’:
     Found no calls to: ‘R_registerRoutines’, ‘R_useDynamicSymbols’
    
    It is good practice to register native routines and to disable symbol
    search.
    
    See ‘Writing portable packages’ in the ‘Writing R Extensions’ manual.
Flavors: r-devel-linux-x86_64-fedora-clang, r-devel-linux-x86_64-fedora-gcc