Last updated on 2024-04-17 22:59:48 CEST.
Flavor | Version | Tinstall | Tcheck | Ttotal | Status | Flags |
---|---|---|---|---|---|---|
r-devel-linux-x86_64-debian-clang | 1.0.2 | 4.37 | 48.62 | 52.99 | NOTE | |
r-devel-linux-x86_64-debian-gcc | 1.0.2 | 4.01 | 36.31 | 40.32 | NOTE | |
r-devel-linux-x86_64-fedora-clang | 1.0.2 | 65.68 | NOTE | |||
r-devel-linux-x86_64-fedora-gcc | 1.0.2 | 62.07 | NOTE | |||
r-prerel-macos-arm64 | 1.0.2 | 24.00 | NOTE | |||
r-prerel-windows-x86_64 | 1.0.2 | 6.00 | 56.00 | 62.00 | NOTE | |
r-patched-linux-x86_64 | 1.0.2 | 4.52 | 45.19 | 49.71 | NOTE | |
r-release-linux-x86_64 | 1.0.2 | 4.83 | 46.85 | 51.68 | NOTE | |
r-release-macos-arm64 | 1.0.2 | 23.00 | NOTE | |||
r-release-macos-x86_64 | 1.0.2 | 32.00 | NOTE | |||
r-release-windows-x86_64 | 1.0.2 | 8.00 | 61.00 | 69.00 | NOTE | |
r-oldrel-macos-arm64 | 1.0.2 | 23.00 | NOTE | |||
r-oldrel-windows-x86_64 | 1.0.2 | 7.00 | 66.00 | 73.00 | NOTE |
Version: 1.0.2
Check: Rd files
Result: NOTE
checkRd: (-1) update_PACKAGES.Rd:35: Lost braces; missing escapes or markup?
35 | Type of packages: currently source \file{.tar.{gz,bz2,xz}} archives,
| ^
Flavors: r-devel-linux-x86_64-debian-clang, r-devel-linux-x86_64-debian-gcc, r-devel-linux-x86_64-fedora-clang, r-devel-linux-x86_64-fedora-gcc, r-prerel-macos-arm64, r-prerel-windows-x86_64, r-patched-linux-x86_64
Version: 1.0.2
Check: LazyData
Result: NOTE
'LazyData' is specified without a 'data' directory
Flavors: r-devel-linux-x86_64-debian-clang, r-devel-linux-x86_64-debian-gcc, r-devel-linux-x86_64-fedora-clang, r-devel-linux-x86_64-fedora-gcc, r-prerel-macos-arm64, r-prerel-windows-x86_64, r-patched-linux-x86_64, r-release-linux-x86_64, r-release-macos-arm64, r-release-macos-x86_64, r-release-windows-x86_64, r-oldrel-macos-arm64, r-oldrel-windows-x86_64