CRAN Package Check Results for Package crawl

Last updated on 2021-08-04 22:55:09 CEST.

Flavor Version Tinstall Tcheck Ttotal Status Flags
r-devel-linux-x86_64-debian-clang 2.2.1 157.17 69.33 226.50 OK
r-devel-linux-x86_64-debian-gcc 2.2.1 100.98 51.57 152.55 OK
r-devel-linux-x86_64-fedora-clang 2.2.1 317.22 NOTE
r-devel-linux-x86_64-fedora-gcc 2.2.1 278.81 NOTE
r-devel-windows-x86_64 2.2.1 161.00 97.00 258.00 OK --no-vignettes
r-devel-windows-x86_64-gcc10-UCRT 2.2.1 NOTE
r-patched-linux-x86_64 2.2.1 129.23 64.29 193.52 OK
r-patched-solaris-x86 2.2.1 271.00 NOTE
r-release-linux-x86_64 2.2.1 120.33 65.24 185.57 OK
r-release-macos-arm64 2.2.1 NOTE
r-release-macos-x86_64 2.2.1 NOTE
r-release-windows-ix86+x86_64 2.2.1 340.00 91.00 431.00 OK --no-vignettes
r-oldrel-macos-x86_64 2.2.1 NOTE
r-oldrel-windows-ix86+x86_64 2.2.1 250.00 124.00 374.00 OK --no-vignettes

Check Details

Version: 2.2.1
Check: installed package size
Result: NOTE
     installed size is 7.4Mb
     sub-directories of 1Mb or more:
     libs 6.8Mb
Flavors: r-devel-linux-x86_64-fedora-clang, r-release-macos-arm64, r-release-macos-x86_64, r-oldrel-macos-x86_64

Version: 2.2.1
Check: dependencies in R code
Result: NOTE
    Namespaces in Imports field not imported from:
     ‘gdistance’ ‘raster’
     All declared Imports should be used.
Flavors: r-devel-linux-x86_64-fedora-clang, r-devel-linux-x86_64-fedora-gcc, r-devel-windows-x86_64-gcc10-UCRT, r-patched-solaris-x86, r-release-macos-arm64, r-release-macos-x86_64, r-oldrel-macos-x86_64