CRAN Package Check Results for Package crawl

Last updated on 2021-10-19 22:53:51 CEST.

Flavor Version Tinstall Tcheck Ttotal Status Flags
r-devel-linux-x86_64-debian-clang 2.2.1 134.69 68.00 202.69 OK
r-devel-linux-x86_64-debian-gcc 2.2.1 102.75 50.16 152.91 OK
r-devel-linux-x86_64-fedora-clang 2.2.1 322.27 NOTE
r-devel-linux-x86_64-fedora-gcc 2.2.1 281.49 NOTE
r-devel-windows-x86_64 2.2.1 182.00 81.00 263.00 OK --no-vignettes
r-devel-windows-x86_64-gcc10-UCRT 2.2.1 NOTE
r-patched-linux-x86_64 2.2.1 124.11 64.33 188.44 OK
r-patched-solaris-x86 2.2.1 271.60 NOTE
r-release-linux-x86_64 2.2.1 124.08 63.78 187.86 OK
r-release-macos-arm64 2.2.1 NOTE
r-release-macos-x86_64 2.2.1 NOTE
r-release-windows-ix86+x86_64 2.2.1 350.00 122.00 472.00 OK --no-vignettes
r-oldrel-macos-x86_64 2.2.1 NOTE
r-oldrel-windows-ix86+x86_64 2.2.1 355.00 111.00 466.00 OK --no-vignettes

Check Details

Version: 2.2.1
Check: installed package size
Result: NOTE
     installed size is 7.0Mb
     sub-directories of 1Mb or more:
     libs 6.4Mb
Flavors: r-devel-linux-x86_64-fedora-clang, r-release-macos-arm64, r-release-macos-x86_64, r-oldrel-macos-x86_64

Version: 2.2.1
Check: dependencies in R code
Result: NOTE
    Namespaces in Imports field not imported from:
     ‘gdistance’ ‘raster’
     All declared Imports should be used.
Flavors: r-devel-linux-x86_64-fedora-clang, r-devel-linux-x86_64-fedora-gcc, r-devel-windows-x86_64-gcc10-UCRT, r-patched-solaris-x86, r-release-macos-arm64, r-release-macos-x86_64, r-oldrel-macos-x86_64