Last updated on 2024-03-27 22:57:42 CET.
Flavor | Version | Tinstall | Tcheck | Ttotal | Status | Flags |
---|---|---|---|---|---|---|
r-devel-linux-x86_64-debian-clang | 2.3.0 | 159.28 | 67.11 | 226.39 | NOTE | |
r-devel-linux-x86_64-debian-gcc | 2.3.0 | 120.14 | 49.65 | 169.79 | NOTE | |
r-devel-linux-x86_64-fedora-clang | 2.3.0 | 311.04 | NOTE | |||
r-devel-linux-x86_64-fedora-gcc | 2.3.0 | 323.15 | NOTE | |||
r-devel-windows-x86_64 | 2.3.0 | 118.00 | 105.00 | 223.00 | NOTE | --no-vignettes |
r-patched-linux-x86_64 | 2.3.0 | 158.32 | 63.26 | 221.58 | OK | |
r-release-linux-x86_64 | 2.3.0 | 141.80 | 63.90 | 205.70 | OK | |
r-release-macos-arm64 | 2.3.0 | 77.00 | NOTE | |||
r-release-macos-x86_64 | 2.3.0 | 125.00 | NOTE | |||
r-release-windows-x86_64 | 2.3.0 | 149.00 | 211.00 | 360.00 | OK | --no-vignettes |
r-oldrel-macos-arm64 | 2.3.0 | 80.00 | NOTE | |||
r-oldrel-windows-x86_64 | 2.3.0 | 143.00 | 120.00 | 263.00 | OK | --no-vignettes |
Version: 2.3.0
Check: Rd files
Result: NOTE
checkRd: (-1) crwPredict.Rd:54-68: Lost braces
54 | \item("predTime"){
| ^
checkRd: (-1) crwPredict.Rd:59: Lost braces
59 | no longer the default (see \item{return.type}). If the original data were
| ^
Flavors: r-devel-linux-x86_64-debian-clang, r-devel-linux-x86_64-debian-gcc, r-devel-linux-x86_64-fedora-clang, r-devel-linux-x86_64-fedora-gcc
Version: 2.3.0
Flags: --no-vignettes
Check: Rd files
Result: NOTE
checkRd: (-1) crwPredict.Rd:54-68: Lost braces
54 | \item("predTime"){
| ^
checkRd: (-1) crwPredict.Rd:59: Lost braces
59 | no longer the default (see \item{return.type}). If the original data were
| ^
Flavor: r-devel-windows-x86_64
Version: 2.3.0
Check: installed package size
Result: NOTE
installed size is 6.3Mb
sub-directories of 1Mb or more:
libs 5.5Mb
Flavors: r-release-macos-arm64, r-release-macos-x86_64, r-oldrel-macos-arm64