CRAN Package Check Results for Package credentials

Last updated on 2021-09-25 22:54:02 CEST.

Flavor Version Tinstall Tcheck Ttotal Status Flags
r-devel-linux-x86_64-debian-clang 1.3.1 2.63 28.23 30.86 OK
r-devel-linux-x86_64-debian-gcc 1.3.1 2.21 22.80 25.01 OK
r-devel-linux-x86_64-fedora-clang 1.3.1 47.09 OK
r-devel-linux-x86_64-fedora-gcc 1.3.1 37.07 OK
r-devel-windows-x86_64 1.3.1 4.00 43.00 47.00 OK
r-devel-windows-x86_64-gcc10-UCRT 1.3.1 FAIL
r-patched-linux-x86_64 1.3.1 2.80 27.39 30.19 OK
r-patched-solaris-x86 1.3.1 53.40 OK
r-release-linux-x86_64 1.3.1 2.70 27.68 30.38 OK
r-release-macos-arm64 1.3.1 OK
r-release-macos-x86_64 1.3.1 OK
r-release-windows-ix86+x86_64 1.3.1 9.00 42.00 51.00 OK
r-oldrel-macos-x86_64 1.3.1 OK
r-oldrel-windows-ix86+x86_64 1.3.1 7.00 41.00 48.00 OK

Check Details

Version: 1.3.1
Check: re-building of vignette outputs
Result: FAIL
Flavor: r-devel-windows-x86_64-gcc10-UCRT