CRAN Package Check Results for Package crrp

Last updated on 2019-11-18 22:47:08 CET.

Flavor Version Tinstall Tcheck Ttotal Status Flags
r-devel-linux-x86_64-debian-clang 1.0 7.34 56.92 64.26 NOTE
r-devel-linux-x86_64-debian-gcc 1.0 6.15 46.17 52.32 NOTE
r-devel-linux-x86_64-fedora-clang 1.0 75.99 NOTE
r-devel-linux-x86_64-fedora-gcc 1.0 76.75 NOTE
r-devel-windows-ix86+x86_64 1.0 28.00 114.00 142.00 NOTE
r-patched-linux-x86_64 1.0 7.13 54.40 61.53 NOTE
r-patched-solaris-x86 1.0 119.80 NOTE
r-release-linux-x86_64 1.0 7.82 53.13 60.95 NOTE
r-release-windows-ix86+x86_64 1.0 16.00 80.00 96.00 NOTE
r-release-osx-x86_64 1.0 NOTE
r-oldrel-windows-ix86+x86_64 1.0 11.00 115.00 126.00 NOTE
r-oldrel-osx-x86_64 1.0 NOTE

Additional issues

rchk

Check Details

Version: 1.0
Check: R code for possible problems
Result: NOTE
    crrp: no visible global function definition for 'approx'
    gcrrp: no visible global function definition for 'approx'
    Undefined global functions or variables:
     approx
    Consider adding
     importFrom("stats", "approx")
    to your NAMESPACE file.
Flavors: r-devel-linux-x86_64-debian-clang, r-devel-linux-x86_64-debian-gcc, r-devel-linux-x86_64-fedora-clang, r-devel-linux-x86_64-fedora-gcc, r-devel-windows-ix86+x86_64, r-patched-linux-x86_64, r-patched-solaris-x86, r-release-linux-x86_64, r-release-windows-ix86+x86_64, r-release-osx-x86_64, r-oldrel-windows-ix86+x86_64, r-oldrel-osx-x86_64

Version: 1.0
Check: compiled code
Result: NOTE
    File ‘crrp/libs/crrp.so’:
     Found no calls to: ‘R_registerRoutines’, ‘R_useDynamicSymbols’
    
    It is good practice to register native routines and to disable symbol
    search.
    
    See ‘Writing portable packages’ in the ‘Writing R Extensions’ manual.
Flavors: r-devel-linux-x86_64-fedora-clang, r-devel-linux-x86_64-fedora-gcc