Last updated on 2023-09-21 23:03:16 CEST.
Flavor | Version | Tinstall | Tcheck | Ttotal | Status | Flags |
---|---|---|---|---|---|---|
r-devel-linux-x86_64-debian-clang | 0.2.3 | 14.85 | 121.24 | 136.09 | OK | |
r-devel-linux-x86_64-debian-gcc | 0.2.3 | 10.56 | 88.52 | 99.08 | OK | |
r-devel-linux-x86_64-fedora-clang | 0.2.3 | 155.84 | NOTE | |||
r-devel-linux-x86_64-fedora-gcc | 0.2.3 | 177.99 | NOTE | |||
r-devel-windows-x86_64 | 0.2.3 | 12.00 | 107.00 | 119.00 | OK | |
r-patched-linux-x86_64 | 0.2.3 | 18.13 | 112.38 | 130.51 | OK | |
r-release-linux-x86_64 | 0.2.3 | 13.37 | 115.62 | 128.99 | OK | |
r-release-macos-arm64 | 0.2.3 | 56.00 | OK | |||
r-release-macos-x86_64 | 0.2.3 | 87.00 | OK | |||
r-release-windows-x86_64 | 0.2.3 | 15.00 | 123.00 | 138.00 | OK | |
r-oldrel-macos-arm64 | 0.2.3 | 45.00 | NOTE | |||
r-oldrel-macos-x86_64 | 0.2.3 | 105.00 | NOTE | |||
r-oldrel-windows-x86_64 | 0.2.3 | 16.00 | 127.00 | 143.00 | OK |
Version: 0.2.3
Check: data for non-ASCII characters
Result: NOTE
Note: found 500 marked UTF-8 strings
Flavors: r-devel-linux-x86_64-fedora-clang, r-devel-linux-x86_64-fedora-gcc, r-oldrel-macos-arm64, r-oldrel-macos-x86_64