CRAN Package Check Results for Package crtests

Last updated on 2021-05-09 22:46:54 CEST.

Flavor Version Tinstall Tcheck Ttotal Status Flags
r-devel-linux-x86_64-debian-clang 0.2.1 2.84 44.88 47.72 NOTE
r-devel-linux-x86_64-debian-gcc 0.2.1 2.59 35.41 38.00 NOTE
r-devel-linux-x86_64-fedora-clang 0.2.1 68.65 NOTE
r-devel-linux-x86_64-fedora-gcc 0.2.1 58.85 NOTE
r-devel-windows-ix86+x86_64 0.2.1 7.00 64.00 71.00 NOTE
r-devel-windows-x86_64-gcc10-UCRT 0.2.1 NOTE
r-patched-linux-x86_64 0.2.1 3.24 43.33 46.57 NOTE
r-patched-solaris-x86 0.2.1 80.10 NOTE
r-release-linux-x86_64 0.2.1 3.26 43.49 46.75 OK
r-release-macos-x86_64 0.2.1 OK
r-release-windows-ix86+x86_64 0.2.1 6.00 51.00 57.00 OK
r-oldrel-macos-x86_64 0.2.1 OK
r-oldrel-windows-ix86+x86_64 0.2.1 5.00 66.00 71.00 OK

Check Details

Version: 0.2.1
Check: LazyData
Result: NOTE
     'LazyData' is specified without a 'data' directory
Flavors: r-devel-linux-x86_64-debian-clang, r-devel-linux-x86_64-debian-gcc, r-devel-linux-x86_64-fedora-clang, r-devel-linux-x86_64-fedora-gcc, r-devel-windows-ix86+x86_64, r-devel-windows-x86_64-gcc10-UCRT, r-patched-linux-x86_64, r-patched-solaris-x86