CRAN Package Check Results for Package csabounds

Last updated on 2021-12-01 22:53:08 CET.

Flavor Version Tinstall Tcheck Ttotal Status Flags
r-devel-linux-x86_64-debian-clang 1.0.0 5.37 57.64 63.01 OK
r-devel-linux-x86_64-debian-gcc 1.0.0 4.38 42.81 47.19 OK
r-devel-linux-x86_64-fedora-clang 1.0.0 86.55 NOTE
r-devel-linux-x86_64-fedora-gcc 1.0.0 73.54 NOTE
r-devel-windows-x86_64-new-UL 1.0.0 16.00 96.00 112.00 OK
r-devel-windows-x86_64-new-TK 1.0.0 NOTE
r-devel-windows-x86_64-old 1.0.0 11.00 60.00 71.00 OK
r-patched-linux-x86_64 1.0.0 5.97 52.96 58.93 OK
r-patched-solaris-x86 1.0.0 104.30 NOTE
r-release-linux-x86_64 1.0.0 5.85 52.75 58.60 OK
r-release-macos-arm64 1.0.0 NOTE
r-release-macos-x86_64 1.0.0 NOTE
r-release-windows-ix86+x86_64 1.0.0 17.00 81.00 98.00 OK
r-oldrel-macos-x86_64 1.0.0 NOTE
r-oldrel-windows-ix86+x86_64 1.0.0 15.00 80.00 95.00 OK

Check Details

Version: 1.0.0
Check: dependencies in R code
Result: NOTE
    Namespace in Imports field not imported from: ‘qte’
     All declared Imports should be used.
Flavors: r-devel-linux-x86_64-fedora-clang, r-devel-linux-x86_64-fedora-gcc, r-devel-windows-x86_64-new-TK, r-patched-solaris-x86, r-release-macos-arm64, r-release-macos-x86_64, r-oldrel-macos-x86_64