CRAN Package Check Results for Package cshapes

Last updated on 2020-02-17 22:49:28 CET.

Flavor Version Tinstall Tcheck Ttotal Status Flags
r-devel-linux-x86_64-debian-clang 0.6 4.70 39.55 44.25 OK
r-devel-linux-x86_64-debian-gcc 0.6 4.04 30.86 34.90 OK
r-devel-linux-x86_64-fedora-clang 0.6 53.00 NOTE
r-devel-linux-x86_64-fedora-gcc 0.6 52.06 OK
r-devel-windows-ix86+x86_64 0.6 14.00 71.00 85.00 NOTE
r-devel-windows-ix86+x86_64-gcc8 0.6 21.00 103.00 124.00 NOTE
r-patched-linux-x86_64 0.6 3.78 34.78 38.56 OK
r-patched-solaris-x86 0.6 79.30 NOTE
r-release-linux-x86_64 0.6 3.81 34.25 38.06 OK
r-release-windows-ix86+x86_64 0.6 15.00 63.00 78.00 NOTE
r-release-osx-x86_64 0.6 NOTE
r-oldrel-windows-ix86+x86_64 0.6 9.00 100.00 109.00 NOTE
r-oldrel-osx-x86_64 0.6 NOTE

Check Details

Version: 0.6
Check: installed package size
Result: NOTE
     installed size is 7.9Mb
     sub-directories of 1Mb or more:
     shp 7.8Mb
Flavors: r-devel-linux-x86_64-fedora-clang, r-devel-windows-ix86+x86_64, r-devel-windows-ix86+x86_64-gcc8, r-patched-solaris-x86, r-release-windows-ix86+x86_64, r-release-osx-x86_64, r-oldrel-windows-ix86+x86_64, r-oldrel-osx-x86_64