CRAN Package Check Results for Package cshapes

Last updated on 2019-09-16 22:49:19 CEST.

Flavor Version Tinstall Tcheck Ttotal Status Flags
r-devel-linux-x86_64-debian-clang 0.6 4.43 35.21 39.64 OK
r-devel-linux-x86_64-debian-gcc 0.6 3.66 28.73 32.39 OK
r-devel-linux-x86_64-fedora-clang 0.6 47.62 NOTE
r-devel-linux-x86_64-fedora-gcc 0.6 45.62 OK
r-devel-windows-ix86+x86_64 0.6 26.00 96.00 122.00 NOTE
r-patched-linux-x86_64 0.6 3.94 34.76 38.70 OK
r-patched-solaris-x86 0.6 77.00 NOTE
r-release-linux-x86_64 0.6 4.15 35.36 39.51 OK
r-release-windows-ix86+x86_64 0.6 16.00 63.00 79.00 NOTE
r-release-osx-x86_64 0.6 NOTE
r-oldrel-windows-ix86+x86_64 0.6 11.00 67.00 78.00 NOTE
r-oldrel-osx-x86_64 0.6 NOTE

Check Details

Version: 0.6
Check: installed package size
Result: NOTE
     installed size is 7.9Mb
     sub-directories of 1Mb or more:
     shp 7.8Mb
Flavors: r-devel-linux-x86_64-fedora-clang, r-devel-windows-ix86+x86_64, r-patched-solaris-x86, r-release-windows-ix86+x86_64, r-release-osx-x86_64, r-oldrel-windows-ix86+x86_64, r-oldrel-osx-x86_64