CRAN Package Check Results for Package cshapes

Last updated on 2024-06-13 22:49:24 CEST.

Flavor Version Tinstall Tcheck Ttotal Status Flags
r-devel-linux-x86_64-debian-clang 2.0 7.33 50.73 58.06 OK
r-devel-linux-x86_64-debian-gcc 2.0 0.44 1.69 2.13 ERROR
r-devel-linux-x86_64-fedora-clang 2.0 71.37 OK
r-devel-linux-x86_64-fedora-gcc 2.0 78.98 OK
r-devel-windows-x86_64 2.0 6.00 56.00 62.00 OK
r-patched-linux-x86_64 2.0 6.23 49.61 55.84 OK
r-release-linux-x86_64 2.0 5.22 51.78 57.00 OK
r-release-macos-arm64 2.0 29.00 OK
r-release-macos-x86_64 2.0 43.00 OK
r-release-windows-x86_64 2.0 7.00 56.00 63.00 OK
r-oldrel-macos-arm64 2.0 33.00 OK
r-oldrel-macos-x86_64 2.0 53.00 OK
r-oldrel-windows-x86_64 2.0 7.00 62.00 69.00 OK

Check Details

Version: 2.0
Check: package dependencies
Result: ERROR Package required but not available: ‘rmapshaper’ Package suggested but not available for checking: ‘testthat’ See section ‘The DESCRIPTION file’ in the ‘Writing R Extensions’ manual. Flavor: r-devel-linux-x86_64-debian-gcc