CRAN Package Check Results for Package csmaps

Last updated on 2024-02-29 22:58:41 CET.

Flavor Version Tinstall Tcheck Ttotal Status Flags
r-devel-linux-x86_64-debian-clang 2023.5.22 8.25 74.60 82.85 OK
r-devel-linux-x86_64-debian-gcc 2023.5.22 6.61 56.92 63.53 OK
r-devel-linux-x86_64-fedora-clang 2023.5.22 102.37 NOTE
r-devel-linux-x86_64-fedora-gcc 2023.5.22 109.91 OK
r-devel-windows-x86_64 2023.5.22 9.00 81.00 90.00 NOTE
r-patched-linux-x86_64 2023.5.22 7.32 72.69 80.01 OK
r-release-linux-x86_64 2023.5.22 5.73 72.57 78.30 OK
r-release-macos-arm64 2023.5.22 45.00 NOTE
r-release-macos-x86_64 2023.5.22 133.00 NOTE
r-release-windows-x86_64 2023.5.22 9.00 88.00 97.00 NOTE
r-oldrel-macos-arm64 2023.5.22 57.00 NOTE
r-oldrel-windows-x86_64 2023.5.22 13.00 90.00 103.00 NOTE

Check Details

Version: 2023.5.22
Check: installed package size
Result: NOTE installed size is 5.7Mb sub-directories of 1Mb or more: data 3.8Mb doc 1.6Mb Flavors: r-devel-linux-x86_64-fedora-clang, r-devel-windows-x86_64, r-release-macos-arm64, r-release-macos-x86_64, r-release-windows-x86_64, r-oldrel-macos-arm64, r-oldrel-windows-x86_64