CRAN Package Check Results for Package csodata

Last updated on 2021-05-05 22:51:31 CEST.

Flavor Version Tinstall Tcheck Ttotal Status Flags
r-devel-linux-x86_64-debian-clang 1.1.1 2.58 93.63 96.21 NOTE
r-devel-linux-x86_64-debian-gcc 1.1.1 2.00 75.60 77.60 NOTE
r-devel-linux-x86_64-fedora-clang 1.1.1 88.21 NOTE
r-devel-linux-x86_64-fedora-gcc 1.1.1 114.53 NOTE
r-devel-windows-ix86+x86_64 1.1.1 19.00 124.00 143.00 NOTE
r-devel-windows-x86_64-gcc10-UCRT 1.1.1 NOTE
r-patched-linux-x86_64 1.1.1 2.63 90.21 92.84 NOTE
r-patched-solaris-x86 1.1.1 179.70 OK
r-release-linux-x86_64 1.1.1 2.51 91.63 94.14 OK
r-release-macos-x86_64 1.1.1 OK
r-release-windows-ix86+x86_64 1.1.1 6.00 190.00 196.00 OK
r-oldrel-macos-x86_64 1.1.1 OK
r-oldrel-windows-ix86+x86_64 1.1.1 5.00 125.00 130.00 OK

Check Details

Version: 1.1.1
Check: LazyData
Result: NOTE
     'LazyData' is specified without a 'data' directory
Flavors: r-devel-linux-x86_64-debian-clang, r-devel-linux-x86_64-debian-gcc, r-devel-linux-x86_64-fedora-clang, r-devel-linux-x86_64-fedora-gcc, r-devel-windows-ix86+x86_64, r-devel-windows-x86_64-gcc10-UCRT, r-patched-linux-x86_64