CRAN Package Check Results for Package cubature

Last updated on 2020-01-17 22:50:49 CET.

Flavor Version Tinstall Tcheck Ttotal Status Flags
r-devel-linux-x86_64-debian-clang 2.0.4 48.57 228.31 276.88 NOTE
r-devel-linux-x86_64-debian-gcc 2.0.4 29.18 155.09 184.27 NOTE
r-devel-linux-x86_64-fedora-clang 2.0.4 316.12 NOTE
r-devel-linux-x86_64-fedora-gcc 2.0.4 303.53 NOTE
r-devel-windows-ix86+x86_64 2.0.4 122.00 253.00 375.00 NOTE
r-devel-windows-ix86+x86_64-gcc8 2.0.4 81.00 359.00 440.00 WARN
r-patched-linux-x86_64 2.0.4 35.09 191.87 226.96 NOTE
r-patched-solaris-x86 2.0.4 298.90 NOTE
r-release-linux-x86_64 2.0.4 33.70 191.31 225.01 NOTE
r-release-windows-ix86+x86_64 2.0.4 125.00 307.00 432.00 NOTE
r-release-osx-x86_64 2.0.4 NOTE
r-oldrel-windows-ix86+x86_64 2.0.4 134.00 210.00 344.00 NOTE
r-oldrel-osx-x86_64 2.0.4 NOTE

Check Details

Version: 2.0.4
Check: for GNU extensions in Makefiles
Result: NOTE
    GNU make is a SystemRequirements.
Flavors: r-devel-linux-x86_64-debian-clang, r-devel-linux-x86_64-debian-gcc, r-devel-linux-x86_64-fedora-clang, r-devel-linux-x86_64-fedora-gcc, r-devel-windows-ix86+x86_64, r-devel-windows-ix86+x86_64-gcc8, r-patched-linux-x86_64, r-patched-solaris-x86, r-release-linux-x86_64, r-release-windows-ix86+x86_64, r-release-osx-x86_64, r-oldrel-windows-ix86+x86_64, r-oldrel-osx-x86_64

Version: 2.0.4
Check: installed package size
Result: NOTE
     installed size is 6.4Mb
     sub-directories of 1Mb or more:
     doc 1.3Mb
     libs 4.9Mb
Flavors: r-devel-windows-ix86+x86_64, r-devel-windows-ix86+x86_64-gcc8, r-release-windows-ix86+x86_64, r-oldrel-windows-ix86+x86_64

Version: 2.0.4
Check: whether package can be installed
Result: WARN
    Found the following significant warnings:
     ./src/common/Random.c:105:5: warning: 'memcpy' pointer overflow between offset 0 and size [4294967292, 2147483647] [-Warray-bounds]
     ./src/common/Random.c:105:5: warning: 'memcpy' pointer overflow between offset 0 and size [-4, 9223372036854775807] [-Warray-bounds]
Flavor: r-devel-windows-ix86+x86_64-gcc8