CRAN Package Check Results for Package cubature

Last updated on 2019-08-25 22:46:59 CEST.

Flavor Version Tinstall Tcheck Ttotal Status Flags
r-devel-linux-x86_64-debian-clang 2.0.3 39.79 201.22 241.01 NOTE
r-devel-linux-x86_64-debian-gcc 2.0.3 27.80 139.69 167.49 NOTE
r-devel-linux-x86_64-fedora-clang 2.0.3 283.83 NOTE
r-devel-linux-x86_64-fedora-gcc 2.0.3 283.86 NOTE
r-devel-windows-ix86+x86_64 2.0.3 117.00 285.00 402.00 NOTE
r-patched-linux-x86_64 2.0.3 34.88 193.02 227.90 NOTE
r-patched-solaris-x86 2.0.3 310.70 NOTE
r-release-linux-x86_64 2.0.3 34.25 195.48 229.73 NOTE
r-release-windows-ix86+x86_64 2.0.3 89.00 292.00 381.00 NOTE
r-release-osx-x86_64 2.0.3 NOTE
r-oldrel-windows-ix86+x86_64 2.0.3 113.00 281.00 394.00 NOTE
r-oldrel-osx-x86_64 2.0.3 NOTE

Check Details

Version: 2.0.3
Check: for GNU extensions in Makefiles
Result: NOTE
    GNU make is a SystemRequirements.
Flavors: r-devel-linux-x86_64-debian-clang, r-devel-linux-x86_64-debian-gcc, r-devel-linux-x86_64-fedora-clang, r-devel-linux-x86_64-fedora-gcc, r-devel-windows-ix86+x86_64, r-patched-linux-x86_64, r-patched-solaris-x86, r-release-linux-x86_64, r-release-windows-ix86+x86_64, r-release-osx-x86_64, r-oldrel-windows-ix86+x86_64, r-oldrel-osx-x86_64

Version: 2.0.3
Check: installed package size
Result: NOTE
     installed size is 6.4Mb
     sub-directories of 1Mb or more:
     doc 1.3Mb
     libs 4.9Mb
Flavors: r-devel-windows-ix86+x86_64, r-release-windows-ix86+x86_64, r-oldrel-windows-ix86+x86_64