CRAN Package Check Results for Package cubeview

Last updated on 2021-05-06 22:55:16 CEST.

Flavor Version Tinstall Tcheck Ttotal Status Flags
r-devel-linux-x86_64-debian-clang 0.2.0 8.54 75.12 83.66 NOTE
r-devel-linux-x86_64-debian-gcc 0.2.0 6.72 56.99 63.71 NOTE
r-devel-linux-x86_64-fedora-clang 0.2.0 109.09 NOTE
r-devel-linux-x86_64-fedora-gcc 0.2.0 99.48 NOTE
r-devel-windows-ix86+x86_64 0.2.0 34.00 89.00 123.00 NOTE
r-devel-windows-x86_64-gcc10-UCRT 0.2.0 NOTE
r-patched-linux-x86_64 0.2.0 12.00 72.10 84.10 NOTE
r-patched-solaris-x86 0.2.0 142.30 OK
r-release-linux-x86_64 0.2.0 8.02 69.79 77.81 OK
r-release-macos-x86_64 0.2.0 OK
r-release-windows-ix86+x86_64 0.2.0 15.00 67.00 82.00 OK
r-oldrel-macos-x86_64 0.2.0 OK

Check Details

Version: 0.2.0
Check: LazyData
Result: NOTE
     'LazyData' is specified without a 'data' directory
Flavors: r-devel-linux-x86_64-debian-clang, r-devel-linux-x86_64-debian-gcc, r-devel-linux-x86_64-fedora-clang, r-devel-linux-x86_64-fedora-gcc, r-devel-windows-ix86+x86_64, r-devel-windows-x86_64-gcc10-UCRT, r-patched-linux-x86_64