Last updated on 2022-07-06 21:53:37 CEST.
Flavor | Version | Tinstall | Tcheck | Ttotal | Status | Flags |
---|---|---|---|---|---|---|
r-devel-linux-x86_64-debian-clang | 1.2-1 | 13.35 | 100.50 | 113.85 | WARN | |
r-devel-linux-x86_64-debian-gcc | 1.2-1 | 10.22 | 77.69 | 87.91 | OK | |
r-devel-linux-x86_64-fedora-clang | 1.2-1 | 148.52 | WARN | |||
r-devel-linux-x86_64-fedora-gcc | 1.2-1 | 148.81 | OK | |||
r-devel-windows-x86_64 | 1.2-1 | 20.00 | 131.00 | 151.00 | OK | |
r-patched-linux-x86_64 | 1.2-1 | 13.86 | 103.49 | 117.35 | OK | |
r-release-linux-x86_64 | 1.2-1 | 14.64 | 104.98 | 119.62 | OK | |
r-release-macos-arm64 | 1.2-1 | 55.00 | OK | |||
r-release-macos-x86_64 | 1.2-1 | 91.00 | OK | |||
r-release-windows-x86_64 | 1.2-1 | 19.00 | 140.00 | 159.00 | OK | |
r-oldrel-macos-arm64 | 1.2-1 | 75.00 | OK | |||
r-oldrel-macos-x86_64 | 1.2-1 | 86.00 | OK | |||
r-oldrel-windows-ix86+x86_64 | 1.2-1 | 29.00 | 640.00 | 669.00 | OK |
Version: 1.2-1
Check: whether package can be installed
Result: WARN
Found the following significant warnings:
inpolygon.c:109:7: warning: use of bitwise '&' with boolean operands [-Wbitwise-instead-of-logical]
Flavors: r-devel-linux-x86_64-debian-clang, r-devel-linux-x86_64-fedora-clang