Last updated on 2024-04-22 23:09:47 CEST.
Flavor | Version | Tinstall | Tcheck | Ttotal | Status | Flags |
---|---|---|---|---|---|---|
r-devel-linux-x86_64-debian-clang | 0.1.0 | 7.41 | 68.55 | 75.96 | NOTE | |
r-devel-linux-x86_64-debian-gcc | 0.1.0 | 6.96 | 51.15 | 58.11 | NOTE | |
r-devel-linux-x86_64-fedora-clang | 0.1.0 | 92.40 | NOTE | |||
r-devel-linux-x86_64-fedora-gcc | 0.1.0 | 89.15 | NOTE | |||
r-prerel-macos-arm64 | 0.1.0 | 30.00 | NOTE | |||
r-prerel-windows-x86_64 | 0.1.0 | 8.00 | 63.00 | 71.00 | NOTE | |
r-patched-linux-x86_64 | 0.1.0 | 7.66 | 64.06 | 71.72 | NOTE | |
r-release-linux-x86_64 | 0.1.0 | 8.60 | 69.05 | 77.65 | NOTE | |
r-release-macos-arm64 | 0.1.0 | 33.00 | NOTE | |||
r-release-macos-x86_64 | 0.1.0 | 53.00 | NOTE | |||
r-release-windows-x86_64 | 0.1.0 | 9.00 | 77.00 | 86.00 | NOTE | |
r-oldrel-macos-arm64 | 0.1.0 | 31.00 | NOTE | |||
r-oldrel-windows-x86_64 | 0.1.0 | 10.00 | 82.00 | 92.00 | NOTE |
Version: 0.1.0
Check: LazyData
Result: NOTE
'LazyData' is specified without a 'data' directory
Flavors: r-devel-linux-x86_64-debian-clang, r-devel-linux-x86_64-debian-gcc, r-devel-linux-x86_64-fedora-clang, r-devel-linux-x86_64-fedora-gcc, r-prerel-macos-arm64, r-prerel-windows-x86_64, r-patched-linux-x86_64, r-release-linux-x86_64, r-release-macos-arm64, r-release-macos-x86_64, r-release-windows-x86_64, r-oldrel-macos-arm64, r-oldrel-windows-x86_64
Version: 0.1.0
Check: for non-standard things in the check directory
Result: NOTE
Found the following files/directories:
‘Adjusted_p_values.pdf’ ‘Effect_Size_Curves.pdf’
‘Mean_Difference_Curves.pdf’
Flavors: r-devel-linux-x86_64-debian-clang, r-devel-linux-x86_64-debian-gcc, r-devel-linux-x86_64-fedora-clang, r-devel-linux-x86_64-fedora-gcc, r-patched-linux-x86_64, r-release-linux-x86_64