Last updated on 2024-04-19 22:55:42 CEST.
Flavor | Version | Tinstall | Tcheck | Ttotal | Status | Flags |
---|---|---|---|---|---|---|
r-devel-linux-x86_64-debian-clang | 1.1.2 | 61.75 | 373.16 | 434.91 | NOTE | |
r-devel-linux-x86_64-debian-gcc | 1.1.2 | NOTE | ||||
r-devel-linux-x86_64-fedora-clang | 1.1.2 | 538.19 | NOTE | |||
r-devel-linux-x86_64-fedora-gcc | 1.1.2 | 521.48 | NOTE | |||
r-prerel-macos-arm64 | 1.1.2 | 156.00 | NOTE | |||
r-prerel-windows-x86_64 | 1.1.2 | 53.00 | 329.00 | 382.00 | NOTE | |
r-patched-linux-x86_64 | 1.1.2 | 56.46 | 356.88 | 413.34 | NOTE | |
r-release-linux-x86_64 | 1.1.2 | 51.94 | 357.77 | 409.71 | NOTE | |
r-release-macos-arm64 | 1.1.2 | 176.00 | NOTE | |||
r-release-macos-x86_64 | 1.1.2 | 317.00 | NOTE | |||
r-release-windows-x86_64 | 1.1.2 | 60.00 | 453.00 | 513.00 | NOTE | |
r-oldrel-macos-arm64 | 1.1.2 | 181.00 | OK | |||
r-oldrel-windows-x86_64 | 1.1.2 | 61.00 | 435.00 | 496.00 | OK |
Version: 1.1.2
Check: package subdirectories
Result: NOTE
Problems with news in ‘NEWS.md’:
Cannot extract version info from the following section titles:
Misc
Flavors: r-devel-linux-x86_64-debian-clang, r-devel-linux-x86_64-debian-gcc, r-devel-linux-x86_64-fedora-clang, r-devel-linux-x86_64-fedora-gcc, r-prerel-macos-arm64, r-prerel-windows-x86_64, r-patched-linux-x86_64, r-release-linux-x86_64, r-release-macos-arm64, r-release-macos-x86_64, r-release-windows-x86_64
Version: 1.1.2
Check: Rd files
Result: NOTE
checkRd: (-1) abs_d_ppv_npv.Rd:27: Escaped LaTeX specials: \_ \_ \_
Flavors: r-devel-linux-x86_64-debian-clang, r-devel-linux-x86_64-debian-gcc, r-devel-linux-x86_64-fedora-clang, r-devel-linux-x86_64-fedora-gcc, r-prerel-macos-arm64, r-prerel-windows-x86_64, r-patched-linux-x86_64, r-release-linux-x86_64, r-release-macos-arm64, r-release-macos-x86_64, r-release-windows-x86_64