Last updated on 2024-04-23 22:55:19 CEST.
Flavor | Version | Tinstall | Tcheck | Ttotal | Status | Flags |
---|---|---|---|---|---|---|
r-devel-linux-x86_64-debian-clang | 1.6.1 | 23.68 | 567.76 | 591.44 | OK | |
r-devel-linux-x86_64-debian-gcc | 1.6.1 | 15.98 | 411.79 | 427.77 | OK | |
r-devel-linux-x86_64-fedora-clang | 1.6.1 | 693.91 | OK | |||
r-devel-linux-x86_64-fedora-gcc | 1.6.1 | 681.04 | OK | |||
r-prerel-macos-arm64 | 1.6.1 | 190.00 | OK | |||
r-prerel-macos-x86_64 | 1.6.1 | 378.00 | OK | |||
r-prerel-windows-x86_64 | 1.6.1 | 17.00 | 369.00 | 386.00 | OK | |
r-patched-linux-x86_64 | 1.6.1 | 15.31 | 528.76 | 544.07 | OK | |
r-release-linux-x86_64 | 1.6.1 | 17.21 | 546.19 | 563.40 | OK | |
r-release-macos-arm64 | 1.6.1 | 183.00 | OK | |||
r-release-macos-x86_64 | 1.6.1 | 376.00 | NOTE | |||
r-release-windows-x86_64 | 1.6.1 | 25.00 | 509.00 | 534.00 | OK | |
r-oldrel-macos-arm64 | 1.6.1 | 188.00 | OK | |||
r-oldrel-windows-x86_64 | 1.6.1 | 23.00 | 486.00 | 509.00 | OK |
Version: 1.6.1
Check: installed package size
Result: NOTE
installed size is 5.7Mb
sub-directories of 1Mb or more:
data 2.1Mb
doc 2.4Mb
Flavor: r-release-macos-x86_64