CRAN Package Check Results for Package cxr

Last updated on 2021-12-08 22:57:33 CET.

Flavor Version Tinstall Tcheck Ttotal Status Flags
r-devel-linux-x86_64-debian-clang 1.0.0 10.16 205.72 215.88 OK
r-devel-linux-x86_64-debian-gcc 1.0.0 6.40 156.90 163.30 OK
r-devel-linux-x86_64-fedora-clang 1.0.0 246.52 OK
r-devel-linux-x86_64-fedora-gcc 1.0.0 242.84 OK
r-devel-windows-x86_64-new-UL 1.0.0 25.00 272.00 297.00 OK
r-devel-windows-x86_64-new-TK 1.0.0 OK
r-devel-windows-x86_64-old 1.0.0 14.00 249.00 263.00 OK
r-patched-linux-x86_64 1.0.0 9.01 205.26 214.27 OK
r-release-linux-x86_64 1.0.0 8.15 205.06 213.21 OK
r-release-macos-arm64 1.0.0 OK
r-release-macos-x86_64 1.0.0 OK
r-release-windows-ix86+x86_64 1.0.0 13.00 208.00 221.00 ERROR
r-oldrel-macos-x86_64 1.0.0 OK
r-oldrel-windows-ix86+x86_64 1.0.0 16.00 242.00 258.00 OK

Check Details

Version: 1.0.0
Check: tests
Result: ERROR
     Running 'test-all.R' [28s]
    Running the tests in 'tests/test-all.R' failed.
    Complete output:
     > library(testthat)
     > library("cxr")
     > test_check("cxr")
     == Skipped tests ===============================================================
     * On CRAN (5)
    
     == Failed tests ================================================================
     -- Error (test-mct_functions.R:67:1): (code run outside of `test_that()`) ------
     Error in `bneigh_matrix[, -bfocal_column_num]`: incorrect number of dimensions
     Backtrace:
     x
     1. \-cxr::cxr_pm_fit(...) test-mct_functions.R:67:0
     2. \-cxr::cxr_pm_bootstrap(...)
    
     [ FAIL 1 | WARN 17 | SKIP 5 | PASS 153 ]
     Error: Test failures
     Execution halted
Flavor: r-release-windows-ix86+x86_64