CRAN Package Check Results for Package cytofan

Last updated on 2021-11-30 22:54:28 CET.

Flavor Version Tinstall Tcheck Ttotal Status Flags
r-devel-linux-x86_64-debian-clang 0.1.0 3.64 69.53 73.17 NOTE
r-devel-linux-x86_64-debian-gcc 0.1.0 3.23 56.57 59.80 NOTE
r-devel-linux-x86_64-fedora-clang 0.1.0 99.52 NOTE
r-devel-linux-x86_64-fedora-gcc 0.1.0 84.41 NOTE
r-devel-windows-x86_64-new-UL 0.1.0 11.00 110.00 121.00 NOTE
r-devel-windows-x86_64-new-TK 0.1.0 NOTE
r-devel-windows-x86_64-old 0.1.0 8.00 69.00 77.00 NOTE
r-patched-linux-x86_64 0.1.0 7.10 61.97 69.07 NOTE
r-patched-solaris-x86 0.1.0 91.20 NOTE
r-release-linux-x86_64 0.1.0 3.64 62.26 65.90 NOTE
r-release-macos-arm64 0.1.0 NOTE
r-release-macos-x86_64 0.1.0 NOTE
r-release-windows-ix86+x86_64 0.1.0 13.00 70.00 83.00 NOTE
r-oldrel-macos-x86_64 0.1.0 OK
r-oldrel-windows-ix86+x86_64 0.1.0 10.00 63.00 73.00 OK

Check Details

Version: 0.1.0
Check: LazyData
Result: NOTE
     'LazyData' is specified without a 'data' directory
Flavors: r-devel-linux-x86_64-debian-clang, r-devel-linux-x86_64-debian-gcc, r-devel-linux-x86_64-fedora-clang, r-devel-linux-x86_64-fedora-gcc, r-devel-windows-x86_64-new-UL, r-devel-windows-x86_64-new-TK, r-devel-windows-x86_64-old, r-patched-linux-x86_64, r-patched-solaris-x86, r-release-linux-x86_64, r-release-macos-arm64, r-release-macos-x86_64, r-release-windows-ix86+x86_64