CRAN Package Check Results for Package czso

Last updated on 2021-10-24 22:50:17 CEST.

Flavor Version Tinstall Tcheck Ttotal Status Flags
r-devel-linux-x86_64-debian-clang 0.3.5 3.83 36.35 40.18 OK
r-devel-linux-x86_64-debian-gcc 0.3.5 2.79 27.73 30.52 OK
r-devel-linux-x86_64-fedora-clang 0.3.5 60.11 NOTE
r-devel-linux-x86_64-fedora-gcc 0.3.5 46.94 NOTE
r-devel-windows-x86_64 0.3.5 7.00 64.00 71.00 OK
r-devel-windows-x86_64-gcc10-UCRT 0.3.5 NOTE
r-patched-linux-x86_64 0.3.5 3.81 34.61 38.42 OK
r-patched-solaris-x86 0.3.5 71.80 NOTE
r-release-linux-x86_64 0.3.5 3.38 34.83 38.21 OK
r-release-macos-arm64 0.3.5 NOTE
r-release-macos-x86_64 0.3.5 NOTE
r-release-windows-ix86+x86_64 0.3.5 6.00 48.00 54.00 OK
r-oldrel-macos-x86_64 0.3.5 NOTE
r-oldrel-windows-ix86+x86_64 0.3.5 8.00 57.00 65.00 OK

Check Details

Version: 0.3.5
Check: dependencies in R code
Result: NOTE
    Namespace in Imports field not imported from: ‘stringi’
     All declared Imports should be used.
Flavors: r-devel-linux-x86_64-fedora-clang, r-devel-linux-x86_64-fedora-gcc, r-devel-windows-x86_64-gcc10-UCRT, r-patched-solaris-x86, r-release-macos-arm64, r-release-macos-x86_64, r-oldrel-macos-x86_64