CRAN Package Check Results for Package d3Tree

Last updated on 2019-09-17 22:48:05 CEST.

Flavor Version Tinstall Tcheck Ttotal Status Flags
r-devel-linux-x86_64-debian-clang 0.2.0 3.41 30.33 33.74 OK
r-devel-linux-x86_64-debian-gcc 0.2.0 3.05 24.20 27.25 OK
r-devel-linux-x86_64-fedora-clang 0.2.0 41.42 NOTE
r-devel-linux-x86_64-fedora-gcc 0.2.0 39.74 NOTE
r-devel-windows-ix86+x86_64 0.2.0 20.00 56.00 76.00 OK
r-patched-linux-x86_64 0.2.0 3.05 29.24 32.29 OK
r-patched-solaris-x86 0.2.0 64.50 NOTE
r-release-linux-x86_64 0.2.0 3.09 29.10 32.19 OK
r-release-windows-ix86+x86_64 0.2.0 9.00 41.00 50.00 OK
r-release-osx-x86_64 0.2.0 NOTE
r-oldrel-windows-ix86+x86_64 0.2.0 9.00 51.00 60.00 OK
r-oldrel-osx-x86_64 0.2.0 NOTE

Check Details

Version: 0.2.0
Check: dependencies in R code
Result: NOTE
    Namespace in Imports field not imported from: ‘magrittr’
     All declared Imports should be used.
Flavors: r-devel-linux-x86_64-fedora-clang, r-devel-linux-x86_64-fedora-gcc, r-patched-solaris-x86, r-release-osx-x86_64, r-oldrel-osx-x86_64