Last updated on 2023-09-22 23:04:56 CEST.
Flavor | Version | Tinstall | Tcheck | Ttotal | Status | Flags |
---|---|---|---|---|---|---|
r-devel-linux-x86_64-debian-clang | 0.2.2 | 5.51 | 48.02 | 53.53 | NOTE | |
r-devel-linux-x86_64-debian-gcc | 0.2.2 | 4.53 | 35.69 | 40.22 | NOTE | |
r-devel-linux-x86_64-fedora-clang | 0.2.2 | 67.10 | NOTE | |||
r-devel-linux-x86_64-fedora-gcc | 0.2.2 | 65.78 | NOTE | |||
r-devel-windows-x86_64 | 0.2.2 | 8.00 | 57.00 | 65.00 | NOTE | |
r-patched-linux-x86_64 | 0.2.2 | 5.61 | 44.47 | 50.08 | OK | |
r-release-linux-x86_64 | 0.2.2 | 6.16 | 45.50 | 51.66 | OK | |
r-release-macos-arm64 | 0.2.2 | 23.00 | OK | |||
r-release-macos-x86_64 | 0.2.2 | 34.00 | OK | |||
r-release-windows-x86_64 | 0.2.2 | 9.00 | 58.00 | 67.00 | OK | |
r-oldrel-macos-arm64 | 0.2.2 | 22.00 | NOTE | |||
r-oldrel-macos-x86_64 | 0.2.2 | 44.00 | NOTE | |||
r-oldrel-windows-x86_64 | 0.2.2 | 9.00 | 62.00 | 71.00 | OK |
Version: 0.2.2
Check: Rd \usage sections
Result: NOTE
Documented arguments not in \usage in documentation object 'tree.filter':
‘nodeList’
Functions with \usage entries need to have the appropriate \alias
entries, and all their arguments documented.
The \usage entries must correspond to syntactically valid R code.
See chapter ‘Writing R documentation files’ in the ‘Writing R
Extensions’ manual.
Flavors: r-devel-linux-x86_64-debian-clang, r-devel-linux-x86_64-debian-gcc, r-devel-linux-x86_64-fedora-clang, r-devel-linux-x86_64-fedora-gcc, r-devel-windows-x86_64
Version: 0.2.2
Check: dependencies in R code
Result: NOTE
Namespace in Imports field not imported from: ‘magrittr’
All declared Imports should be used.
Flavors: r-devel-linux-x86_64-fedora-clang, r-devel-linux-x86_64-fedora-gcc, r-oldrel-macos-arm64, r-oldrel-macos-x86_64