Last updated on 2024-04-24 23:00:17 CEST.
Flavor | Version | Tinstall | Tcheck | Ttotal | Status | Flags |
---|---|---|---|---|---|---|
r-devel-linux-x86_64-debian-clang | 0.5.5 | 5.61 | 54.91 | 60.52 | OK | |
r-devel-linux-x86_64-debian-gcc | 0.5.5 | 5.04 | 40.33 | 45.37 | OK | |
r-devel-linux-x86_64-fedora-clang | 0.5.5 | 76.29 | NOTE | |||
r-devel-linux-x86_64-fedora-gcc | 0.5.5 | 85.16 | NOTE | |||
r-devel-windows-x86_64 | 0.5.5 | 9.00 | 62.00 | 71.00 | OK | |
r-patched-linux-x86_64 | 0.5.5 | 5.98 | 52.06 | 58.04 | OK | |
r-release-linux-x86_64 | 0.5.5 | 7.75 | 51.21 | 58.96 | OK | |
r-release-macos-arm64 | 0.5.5 | 31.00 | OK | |||
r-release-windows-x86_64 | 0.5.5 | 7.00 | 62.00 | 69.00 | OK | |
r-oldrel-macos-arm64 | 0.5.5 | 28.00 | OK | |||
r-oldrel-macos-x86_64 | 0.5.5 | 60.00 | OK | |||
r-oldrel-windows-x86_64 | 0.5.5 | 10.00 | 69.00 | 79.00 | OK |
Version: 0.5.5
Check: data for non-ASCII characters
Result: NOTE
Note: found 469 marked UTF-8 strings
Flavors: r-devel-linux-x86_64-fedora-clang, r-devel-linux-x86_64-fedora-gcc