CRAN Package Check Results for Package dabestr

Last updated on 2021-07-27 01:50:39 CEST.

Flavor Version Tinstall Tcheck Ttotal Status Flags
r-devel-linux-x86_64-debian-clang 0.3.0 26.77 227.20 253.97 OK
r-devel-linux-x86_64-debian-gcc 0.3.0 19.74 160.00 179.74 OK
r-devel-linux-x86_64-fedora-clang 0.3.0 277.66 NOTE
r-devel-linux-x86_64-fedora-gcc 0.3.0 270.26 NOTE
r-devel-windows-x86_64 0.3.0 14.00 263.00 277.00 OK
r-devel-windows-x86_64-gcc10-UCRT 0.3.0 NOTE
r-patched-linux-x86_64 0.3.0 30.90 210.35 241.25 OK
r-patched-solaris-x86 0.3.0 399.40 NOTE
r-release-linux-x86_64 0.3.0 23.50 212.71 236.21 OK
r-release-macos-arm64 0.3.0 WARN
r-release-macos-x86_64 0.3.0 NOTE
r-release-windows-ix86+x86_64 0.3.0 19.00 198.00 217.00 OK
r-oldrel-macos-x86_64 0.3.0 NOTE
r-oldrel-windows-ix86+x86_64 0.3.0 14.00 286.00 300.00 OK

Check Details

Version: 0.3.0
Check: dependencies in R code
Result: NOTE
    Namespaces in Imports field not imported from:
     ‘plyr’ ‘simpleboot’
     All declared Imports should be used.
Flavors: r-devel-linux-x86_64-fedora-clang, r-devel-linux-x86_64-fedora-gcc, r-devel-windows-x86_64-gcc10-UCRT, r-patched-solaris-x86, r-release-macos-arm64, r-release-macos-x86_64, r-oldrel-macos-x86_64

Version: 0.3.0
Check: re-building of vignette outputs
Result: WARN
    Error(s) in re-building vignettes:
     ...
    --- re-building ‘using-dabestr.Rmd’ using rmarkdown
    Warning in engine$weave(file, quiet = quiet, encoding = enc) :
     Pandoc (>= 1.12.3) not available. Falling back to R Markdown v1.
    
    Attaching package: 'dplyr'
    
    The following objects are masked from 'package:stats':
    
     filter, lag
    
    The following objects are masked from 'package:base':
    
     intersect, setdiff, setequal, union
    
    Quitting from lines 99-100 (using-dabestr.Rmd)
    Error: processing vignette 'using-dabestr.Rmd' failed with diagnostics:
    polygon edge not found
    --- failed re-building ‘using-dabestr.Rmd’
    
    SUMMARY: processing the following file failed:
     ‘using-dabestr.Rmd’
    
    Error: Vignette re-building failed.
    Execution halted
Flavor: r-release-macos-arm64