Last updated on 2024-04-23 22:55:19 CEST.
Flavor | Version | Tinstall | Tcheck | Ttotal | Status | Flags |
---|---|---|---|---|---|---|
r-devel-linux-x86_64-debian-clang | 0.1.0 | 6.87 | 87.06 | 93.93 | OK | |
r-devel-linux-x86_64-debian-gcc | 0.1.0 | 5.29 | 67.51 | 72.80 | OK | |
r-devel-linux-x86_64-fedora-clang | 0.1.0 | 121.50 | NOTE | |||
r-devel-linux-x86_64-fedora-gcc | 0.1.0 | 114.70 | NOTE | |||
r-prerel-macos-arm64 | 0.1.0 | 41.00 | OK | |||
r-prerel-windows-x86_64 | 0.1.0 | 8.00 | 86.00 | 94.00 | OK | |
r-patched-linux-x86_64 | 0.1.0 | 7.87 | 86.27 | 94.14 | OK | |
r-release-linux-x86_64 | 0.1.0 | 6.58 | 85.42 | 92.00 | OK | |
r-release-macos-arm64 | 0.1.0 | 44.00 | OK | |||
r-release-macos-x86_64 | 0.1.0 | 69.00 | OK | |||
r-release-windows-x86_64 | 0.1.0 | 10.00 | 103.00 | 113.00 | OK | |
r-oldrel-macos-arm64 | 0.1.0 | 51.00 | NOTE | |||
r-oldrel-windows-x86_64 | 0.1.0 | 9.00 | 120.00 | 129.00 | OK |
Version: 0.1.0
Check: data for non-ASCII characters
Result: NOTE
Note: found 109157 marked UTF-8 strings
Flavors: r-devel-linux-x86_64-fedora-clang, r-devel-linux-x86_64-fedora-gcc, r-oldrel-macos-arm64