Last updated on 2024-04-27 23:16:39 CEST.
Flavor | Version | Tinstall | Tcheck | Ttotal | Status | Flags |
---|---|---|---|---|---|---|
r-devel-linux-x86_64-debian-clang | 1.0-38 | 2.98 | 43.36 | 46.34 | NOTE | |
r-devel-linux-x86_64-debian-gcc | 1.0-38 | 2.26 | 34.13 | 36.39 | NOTE | |
r-devel-linux-x86_64-fedora-clang | 1.0-38 | 59.51 | NOTE | |||
r-devel-linux-x86_64-fedora-gcc | 1.0-38 | 57.47 | NOTE | |||
r-devel-windows-x86_64 | 1.0-38 | 5.00 | 72.00 | 77.00 | NOTE | |
r-patched-linux-x86_64 | 1.0-38 | 2.91 | 43.17 | 46.08 | NOTE | |
r-release-linux-x86_64 | 1.0-38 | 3.29 | 43.17 | 46.46 | OK | |
r-release-macos-arm64 | 1.0-38 | 23.00 | NOTE | |||
r-release-windows-x86_64 | 1.0-38 | 4.00 | 69.00 | 73.00 | NOTE | |
r-oldrel-macos-arm64 | 1.0-38 | 23.00 | OK | |||
r-oldrel-macos-x86_64 | 1.0-38 | 35.00 | OK | |||
r-oldrel-windows-x86_64 | 1.0-38 | 4.00 | 73.00 | 77.00 | OK |
Version: 1.0-38
Check: Rd files
Result: NOTE
checkRd: (-1) formatScientificTeX.Rd:33: Lost braces; missing escapes or markup?
33 | function will return " 3.0\\\\times 10^{2}"
| ^
Flavors: r-devel-linux-x86_64-debian-clang, r-devel-linux-x86_64-debian-gcc, r-devel-linux-x86_64-fedora-clang, r-devel-linux-x86_64-fedora-gcc, r-devel-windows-x86_64, r-patched-linux-x86_64, r-release-macos-arm64, r-release-windows-x86_64