CRAN Package Check Results for Package dagitty

Last updated on 2022-01-17 22:54:34 CET.

Flavor Version Tinstall Tcheck Ttotal Status Flags
r-devel-linux-x86_64-debian-clang 0.3-1 5.96 61.04 67.00 NOTE
r-devel-linux-x86_64-debian-gcc 0.3-1 3.99 47.68 51.67 NOTE
r-devel-linux-x86_64-fedora-clang 0.3-1 82.03 NOTE
r-devel-linux-x86_64-fedora-gcc 0.3-1 71.31 NOTE
r-devel-windows-x86_64-new-UL 0.3-1 66.00 92.00 158.00 NOTE
r-devel-windows-x86_64-new-TK 0.3-1 NOTE
r-patched-linux-x86_64 0.3-1 4.71 59.59 64.30 NOTE
r-release-linux-x86_64 0.3-1 NOTE
r-release-macos-arm64 0.3-1 NOTE
r-release-macos-x86_64 0.3-1 NOTE
r-release-windows-ix86+x86_64 0.3-1 15.00 85.00 100.00 NOTE
r-oldrel-macos-x86_64 0.3-1 OK
r-oldrel-windows-ix86+x86_64 0.3-1 14.00 86.00 100.00 OK

Check Details

Version: 0.3-1
Check: LazyData
Result: NOTE
     'LazyData' is specified without a 'data' directory
Flavors: r-devel-linux-x86_64-debian-clang, r-devel-linux-x86_64-debian-gcc, r-devel-linux-x86_64-fedora-clang, r-devel-linux-x86_64-fedora-gcc, r-devel-windows-x86_64-new-UL, r-devel-windows-x86_64-new-TK, r-patched-linux-x86_64, r-release-linux-x86_64, r-release-macos-arm64, r-release-macos-x86_64, r-release-windows-ix86+x86_64