CRAN Package Check Results for Package dann

Last updated on 2021-08-02 22:54:25 CEST.

Flavor Version Tinstall Tcheck Ttotal Status Flags
r-devel-linux-x86_64-debian-clang 0.2.2 39.81 173.51 213.32 NOTE
r-devel-linux-x86_64-debian-gcc 0.2.2 24.13 115.43 139.56 NOTE
r-devel-linux-x86_64-fedora-clang 0.2.2 259.20 NOTE
r-devel-linux-x86_64-fedora-gcc 0.2.2 249.18 NOTE
r-devel-windows-x86_64 0.2.2 39.00 206.00 245.00 NOTE
r-devel-windows-x86_64-gcc10-UCRT 0.2.2 NOTE
r-patched-linux-x86_64 0.2.2 NOTE
r-patched-solaris-x86 0.2.2 313.90 NOTE
r-release-linux-x86_64 0.2.2 31.67 159.41 191.08 NOTE
r-release-macos-arm64 0.2.2 WARN
r-release-macos-x86_64 0.2.2 NOTE
r-release-windows-ix86+x86_64 0.2.2 89.00 317.00 406.00 NOTE
r-oldrel-macos-x86_64 0.2.2 OK
r-oldrel-windows-ix86+x86_64 0.2.2 75.00 324.00 399.00 OK

Check Details

Version: 0.2.2
Check: LazyData
Result: NOTE
     'LazyData' is specified without a 'data' directory
Flavors: r-devel-linux-x86_64-debian-clang, r-devel-linux-x86_64-debian-gcc, r-devel-linux-x86_64-fedora-clang, r-devel-linux-x86_64-fedora-gcc, r-devel-windows-x86_64, r-devel-windows-x86_64-gcc10-UCRT, r-patched-linux-x86_64, r-patched-solaris-x86, r-release-linux-x86_64, r-release-macos-arm64, r-release-macos-x86_64, r-release-windows-ix86+x86_64

Version: 0.2.2
Check: re-building of vignette outputs
Result: WARN
    Error(s) in re-building vignettes:
     ...
    --- re-building ‘dann.Rmd’ using rmarkdown
    Warning in engine$weave(file, quiet = quiet, encoding = enc) :
     Pandoc (>= 1.12.3) not available. Falling back to R Markdown v1.
    Quitting from lines 30-51 (dann.Rmd)
    Error: processing vignette 'dann.Rmd' failed with diagnostics:
    polygon edge not found
    --- failed re-building ‘dann.Rmd’
    
    --- re-building ‘sub_dann.Rmd’ using rmarkdown
    Warning in engine$weave(file, quiet = quiet, encoding = enc) :
     Pandoc (>= 1.12.3) not available. Falling back to R Markdown v1.
    Quitting from lines 100-103 (sub_dann.Rmd)
    Error: processing vignette 'sub_dann.Rmd' failed with diagnostics:
    polygon edge not found
    --- failed re-building ‘sub_dann.Rmd’
    
    SUMMARY: processing the following files failed:
     ‘dann.Rmd’ ‘sub_dann.Rmd’
    
    Error: Vignette re-building failed.
    Execution halted
Flavor: r-release-macos-arm64