CRAN Package Check Results for Package dartR.base

Last updated on 2024-02-29 22:58:41 CET.

Flavor Version Tinstall Tcheck Ttotal Status Flags
r-devel-linux-x86_64-debian-clang 0.65 41.93 352.28 394.21 NOTE
r-devel-linux-x86_64-debian-gcc 0.65 35.09 261.69 296.78 NOTE
r-devel-linux-x86_64-fedora-clang 0.65 514.87 NOTE
r-devel-linux-x86_64-fedora-gcc 0.65 510.91 NOTE
r-devel-windows-x86_64 0.65 37.00 295.00 332.00 OK
r-patched-linux-x86_64 0.65 50.99 349.58 400.57 NOTE
r-release-linux-x86_64 0.65 28.19 343.59 371.78 NOTE
r-release-macos-arm64 0.65 122.00 NOTE
r-release-macos-x86_64 0.65 471.00 NOTE
r-release-windows-x86_64 0.65 49.00 395.00 444.00 OK
r-oldrel-macos-arm64 0.65 121.00 NOTE
r-oldrel-windows-x86_64 0.65 49.00 364.00 413.00 OK

Check Details

Version: 0.65
Check: package dependencies
Result: NOTE Package suggested but not available for checking: ‘ggtern’ Flavors: r-devel-linux-x86_64-debian-clang, r-devel-linux-x86_64-debian-gcc, r-devel-linux-x86_64-fedora-clang, r-devel-linux-x86_64-fedora-gcc, r-patched-linux-x86_64, r-release-linux-x86_64

Version: 0.65
Check: package dependencies
Result: NOTE Package suggested but not available for checking: ‘snpStats’ Flavor: r-release-macos-arm64

Version: 0.65
Check: installed package size
Result: NOTE installed size is 5.1Mb sub-directories of 1Mb or more: R 2.0Mb help 2.2Mb Flavors: r-release-macos-arm64, r-release-macos-x86_64, r-oldrel-macos-arm64

Version: 0.65
Check: Rd cross-references
Result: NOTE Package unavailable to check Rd xrefs: ‘snpStats’ Flavor: r-release-macos-arm64