CRAN Package Check Results for Package dataCompareR

Last updated on 2020-02-22 22:47:43 CET.

Flavor Version Tinstall Tcheck Ttotal Status Flags
r-devel-linux-x86_64-debian-clang 0.1.2 6.75 72.16 78.91 ERROR
r-devel-linux-x86_64-debian-gcc 0.1.2 5.00 54.85 59.85 OK
r-devel-linux-x86_64-fedora-clang 0.1.2 95.18 OK
r-devel-linux-x86_64-fedora-gcc 0.1.2 91.93 OK
r-devel-windows-ix86+x86_64 0.1.2 13.00 81.00 94.00 OK
r-devel-windows-ix86+x86_64-gcc8 0.1.2 15.00 120.00 135.00 OK
r-patched-linux-x86_64 0.1.2 OK
r-patched-solaris-x86 0.1.2 122.90 OK
r-release-linux-x86_64 0.1.2 6.07 64.06 70.13 OK
r-release-windows-ix86+x86_64 0.1.2 13.00 88.00 101.00 OK
r-release-osx-x86_64 0.1.2 OK
r-oldrel-windows-ix86+x86_64 0.1.2 8.00 83.00 91.00 OK
r-oldrel-osx-x86_64 0.1.2 OK

Check Details

Version: 0.1.2
Check: tests
Result: ERROR
     Running 'testthat.R' [24s/27s]
    Running the tests in 'tests/testthat.R' failed.
    Complete output:
     > # SPDX-Copyright: Copyright (c) Capital One Services, LLC
     > # SPDX-License-Identifier: Apache-2.0
     > # Copyright 2017 Capital One Services, LLC
     > #
     > # Licensed under the Apache License, Version 2.0 (the "License");
     > # you may not use this file except in compliance with the License.
     > #
     > # You may obtain a copy of the License at http://www.apache.org/licenses/LICENSE-2.0
     > #
     > # Unless required by applicable law or agreed to in writing, software distributed
     > # under the License is distributed on an "AS IS" BASIS, WITHOUT WARRANTIES OR CONDITIONS
     > # OF ANY KIND, either express or implied.
     >
     > # This appears to be required to use covr for package coverage
     >
     > library(testthat)
     > library(dataCompareR)
     >
     > test_check("dataCompareR")
     All columns were compared, all rows were compared
     All compared variables match
     Number of rows compared: 891
     Number of columns compared: 13All columns were compared, all rows were compared
     All compared variables match
     Number of rows compared: 891
     Number of columns compared: 13All columns were compared, all rows were compared
     All compared variables match
     Number of rows compared: 891
     Number of columns compared: 13All columns were compared, all rows were compared
     All compared variables match
     Number of rows compared: 891
     Number of columns compared: 13All columns were compared, all rows were compared
     All compared variables match
     Number of rows compared: 891
     Number of columns compared: 13All columns were compared, all rows were compared
     There are 3 mismatched variables:
     First and last 5 observations for the 3 mismatched variables
     PASSENGERID
     1 2
     2 10
     3 20
     4 27
     5 31
     6 867
     7 875
     8 876
     9 880
     10 890
     11 5
     12 1
     13 2
     14 3
     15 4
     16 5
     17 6
     18 7
     19 8
     20 9
     valueA
     1 C
     2 C
     3 C
     4 C
     5 C
     6 C
     7 C
     8 C
     9 C
     10 C
     11 <NA>
     12 Jack and Rose or Rose and Jack or Jack and Rose or Rose and Jack or
     13 Cumings, Mrs. John Bradley (Florence Briggs Thayer)
     14 Heikkinen, Miss. Laina
     15 Futrelle, Mrs. Jacques Heath (Lily May Peel)
     16 NaN
     17 Jack and Rose or Rose and Jack or Jack and Rose or Rose and Jack or Jack and Rose or Rose and Jack or Jack and Rose or Rose and Jack or
     18 McCarthy, Mr. Timothy J
     19 Palsson, Master. Gosta Leonard
     20 a¬!£$%^&*()_+{}:@~<>?
     valueB
     1
     2
     3
     4
     5
     6
     7
     8
     9
     10
     11 NaN
     12 Jack and Rose or Rose and Jack or Jack and Rose or Rose and Jack or Jack and Rose or Rose and Jack or ?
     13 Cumings, Mrs. John Bradley (Florence Briggs Thayer)
     14 Heikkinen, Miss. Laina
     15 Futrelle, Mrs. Jacques Heath (Lily May Peel)
     16 <NA>
     17 Jack and Rose or Rose and Jack or Jack and Rose or Rose and Jack or Jack and Rose or Rose and Jack or\nJack and Rose or Rose and Jack or
     18 mccarthy, mr. timothy j
     19 PALSSON, MASTER. GOSTA LEONARD
     20 a
     variable typeA typeB diffAB
     1 EMBARKED character character
     2 EMBARKED character character
     3 EMBARKED character character
     4 EMBARKED character character
     5 EMBARKED character character
     6 EMBARKED character character
     7 EMBARKED character character
     8 EMBARKED character character
     9 EMBARKED character character
     10 EMBARKED character character
     11 HASSURVIVED character character
     12 NAME character character
     13 NAME character character
     14 NAME character character
     15 NAME character character
     16 NAME character character
     17 NAME character character
     18 NAME character character
     19 NAME character character
     20 NAME character character
     All columns were compared, all rows were compared
     There are 3 mismatched variables:
     First and last 1 observations for the 3 mismatched variables
     PASSENGERID
     1 2
     2 890
     3 5
     4 1
     5 9
     valueA
     1 C
     2 C
     3 <NA>
     4 Jack and Rose or Rose and Jack or Jack and Rose or Rose and Jack or
     5 a¬!£$%^&*()_+{}:@~<>?
     valueB
     1
     2
     3 NaN
     4 Jack and Rose or Rose and Jack or Jack and Rose or Rose and Jack or Jack and Rose or Rose and Jack or ?
     5 a
     variable typeA typeB diffAB
     1 EMBARKED character character
     2 EMBARKED character character
     3 HASSURVIVED character character
     4 NAME character character
     5 NAME character character
     All columns were compared, all rows were compared
     There are 3 mismatched variables:
     First and last 2 observations for first and last 1 mismatched variables
     PASSENGERID
     1 2
     2 10
     3 880
     4 890
     5 1
     6 2
     7 8
     8 9
     valueA
     1 C
     2 C
     3 C
     4 C
     5 Jack and Rose or Rose and Jack or Jack and Rose or Rose and Jack or
     6 Cumings, Mrs. John Bradley (Florence Briggs Thayer)
     7 Palsson, Master. Gosta Leonard
     8 a¬!£$%^&*()_+{}:@~<>?
     valueB
     1
     2
     3
     4
     5 Jack and Rose or Rose and Jack or Jack and Rose or Rose and Jack or Jack and Rose or Rose and Jack or ?
     6 Cumings, Mrs. John Bradley (Florence Briggs Thayer)
     7 PALSSON, MASTER. GOSTA LEONARD
     8 a
     variable typeA typeB diffAB
     1 EMBARKED character character
     2 EMBARKED character character
     3 EMBARKED character character
     4 EMBARKED character character
     5 NAME character character
     6 NAME character character
     7 NAME character character
     8 NAME character character
     All columns were compared, all rows were compared
     PASSENGERID
     1 2
     2 10
     3 20
     4 27
     5 31
     6 32
     7 35
     8 37
     9 40
     10 43
     11 44
     12 49
     13 53
     14 55
     15 58
     16 61
     17 62
     18 65
     19 66
     20 74
     21 97
     22 98
     23 112
     24 115
     25 119
     26 123
     27 126
     28 129
     29 131
     30 136
     31 140
     32 141
     33 156
     34 175
     35 178
     36 182
     37 195
     38 196
     39 204
     40 208
     41 210
     42 216
     43 219
     44 241
     45 245
     46 256
     47 257
     48 259
     49 274
     50 286
     51 292
     52 293
     53 296
     54 297
     55 300
     56 307
     57 308
     58 309
     59 310
     60 311
     61 312
     62 320
     63 326
     64 330
     65 338
     66 353
     67 355
     68 362
     69 363
     70 367
     71 368
     72 370
     73 371
     74 374
     75 376
     76 378
     77 379
     78 381
     79 382
     80 390
     81 394
     82 421
     83 449
     84 453
     85 454
     86 456
     87 470
     88 474
     89 485
     90 488
     91 494
     92 496
     93 497
     94 506
     95 514
     96 523
     97 524
     98 525
     99 532
     100 533
     101 534
     102 538
     103 540
     104 545
     105 548
     106 551
     107 554
     108 557
     109 558
     110 569
     111 579
     112 582
     113 584
     114 585
     115 588
     116 592
     117 599
     118 600
     119 605
     120 609
     121 621
     122 623
     123 633
     124 642
     125 645
     126 646
     127 648
     128 660
     129 662
     130 680
     131 682
     132 686
     133 692
     134 694
     135 699
     136 701
     137 703
     138 710
     139 711
     140 717
     141 732
     142 738
     143 743
     144 763
     145 767
     146 774
     147 781
     148 790
     149 794
     150 799
     151 804
     152 818
     153 828
     154 830
     155 831
     156 833
     157 836
     158 840
     159 843
     160 844
     161 848
     162 850
     163 853
     164 859
     165 860
     166 867
     167 875
     168 876
     169 880
     170 890
     171 5
     172 1
     173 2
     174 3
     175 4
     176 5
     177 6
     178 7
     179 8
     180 9
     valueA
     1 C
     2 C
     3 C
     4 C
     5 C
     6 C
     7 C
     8 C
     9 C
     10 C
     11 C
     12 C
     13 C
     14 C
     15 C
     16 C
     17
     18 C
     19 C
     20 C
     21 C
     22 C
     23 C
     24 C
     25 C
     26 C
     27 C
     28 C
     29 C
     30 C
     31 C
     32 C
     33 C
     34 C
     35 C
     36 C
     37 C
     38 C
     39 C
     40 C
     41 C
     42 C
     43 C
     44 C
     45 C
     46 C
     47 C
     48 C
     49 C
     50 C
     51 C
     52 C
     53 C
     54 C
     55 C
     56 C
     57 C
     58 C
     59 C
     60 C
     61 C
     62 C
     63 C
     64 C
     65 C
     66 C
     67 C
     68 C
     69 C
     70 C
     71 C
     72 C
     73 C
     74 C
     75 C
     76 C
     77 C
     78 C
     79 C
     80 C
     81 C
     82 C
     83 C
     84 C
     85 C
     86 C
     87 C
     88 C
     89 C
     90 C
     91 C
     92 C
     93 C
     94 C
     95 C
     96 C
     97 C
     98 C
     99 C
     100 C
     101 C
     102 C
     103 C
     104 C
     105 C
     106 C
     107 C
     108 C
     109 C
     110 C
     111 C
     112 C
     113 C
     114 C
     115 C
     116 C
     117 C
     118 C
     119 C
     120 C
     121 C
     122 C
     123 C
     124 C
     125 C
     126 C
     127 C
     128 C
     129 C
     130 C
     131 C
     132 C
     133 C
     134 C
     135 C
     136 C
     137 C
     138 C
     139 C
     140 C
     141 C
     142 C
     143 C
     144 C
     145 C
     146 C
     147 C
     148 C
     149 C
     150 C
     151 C
     152 C
     153 C
     154
     155 C
     156 C
     157 C
     158 C
     159 C
     160 C
     161 C
     162 C
     163 C
     164 C
     165 C
     166 C
     167 C
     168 C
     169 C
     170 C
     171 <NA>
     172 Jack and Rose or Rose and Jack or Jack and Rose or Rose and Jack or
     173 Cumings, Mrs. John Bradley (Florence Briggs Thayer)
     174 Heikkinen, Miss. Laina
     175 Futrelle, Mrs. Jacques Heath (Lily May Peel)
     176 NaN
     177 Jack and Rose or Rose and Jack or Jack and Rose or Rose and Jack or Jack and Rose or Rose and Jack or Jack and Rose or Rose and Jack or
     178 McCarthy, Mr. Timothy J
     179 Palsson, Master. Gosta Leonard
     180 a¬!£$%^&*()_+{}:@~<>?
     valueB
     1
     2
     3
     4
     5
     6
     7
     8
     9
     10
     11
     12
     13
     14
     15
     16
     17 C
     18
     19
     20
     21
     22
     23
     24
     25
     26
     27
     28
     29
     30
     31
     32
     33
     34
     35
     36
     37
     38
     39
     40
     41
     42
     43
     44
     45
     46
     47
     48
     49
     50
     51
     52
     53
     54
     55
     56
     57
     58
     59
     60
     61
     62
     63
     64
     65
     66
     67
     68
     69
     70
     71
     72
     73
     74
     75
     76
     77
     78
     79
     80
     81
     82
     83
     84
     85
     86
     87
     88
     89
     90
     91
     92
     93
     94
     95
     96
     97
     98
     99
     100
     101
     102
     103
     104
     105
     106
     107
     108
     109
     110
     111
     112
     113
     114
     115
     116
     117
     118
     119
     120
     121
     122
     123
     124
     125
     126
     127
     128
     129
     130
     131
     132
     133
     134
     135
     136
     137
     138
     139
     140
     141
     142
     143
     144
     145
     146
     147
     148
     149
     150
     151
     152
     153
     154 C
     155
     156
     157
     158
     159
     160
     161
     162
     163
     164
     165
     166
     167
     168
     169
     170
     171 NaN
     172 Jack and Rose or Rose and Jack or Jack and Rose or Rose and Jack or Jack and Rose or Rose and Jack or ?
     173 Cumings, Mrs. John Bradley (Florence Briggs Thayer)
     174 Heikkinen, Miss. Laina
     175 Futrelle, Mrs. Jacques Heath (Lily May Peel)
     176 <NA>
     177 Jack and Rose or Rose and Jack or Jack and Rose or Rose and Jack or Jack and Rose or Rose and Jack or\nJack and Rose or Rose and Jack or
     178 mccarthy, mr. timothy j
     179 PALSSON, MASTER. GOSTA LEONARD
     180 a
     variable typeA typeB diffAB
     1 EMBARKED character character
     2 EMBARKED character character
     3 EMBARKED character character
     4 EMBARKED character character
     5 EMBARKED character character
     6 EMBARKED character character
     7 EMBARKED character character
     8 EMBARKED character character
     9 EMBARKED character character
     10 EMBARKED character character
     11 EMBARKED character character
     12 EMBARKED character character
     13 EMBARKED character character
     14 EMBARKED character character
     15 EMBARKED character character
     16 EMBARKED character character
     17 EMBARKED character character
     18 EMBARKED character character
     19 EMBARKED character character
     20 EMBARKED character character
     21 EMBARKED character character
     22 EMBARKED character character
     23 EMBARKED character character
     24 EMBARKED character character
     25 EMBARKED character character
     26 EMBARKED character character
     27 EMBARKED character character
     28 EMBARKED character character
     29 EMBARKED character character
     30 EMBARKED character character
     31 EMBARKED character character
     32 EMBARKED character character
     33 EMBARKED character character
     34 EMBARKED character character
     35 EMBARKED character character
     36 EMBARKED character character
     37 EMBARKED character character
     38 EMBARKED character character
     39 EMBARKED character character
     40 EMBARKED character character
     41 EMBARKED character character
     42 EMBARKED character character
     43 EMBARKED character character
     44 EMBARKED character character
     45 EMBARKED character character
     46 EMBARKED character character
     47 EMBARKED character character
     48 EMBARKED character character
     49 EMBARKED character character
     50 EMBARKED character character
     51 EMBARKED character character
     52 EMBARKED character character
     53 EMBARKED character character
     54 EMBARKED character character
     55 EMBARKED character character
     56 EMBARKED character character
     57 EMBARKED character character
     58 EMBARKED character character
     59 EMBARKED character character
     60 EMBARKED character character
     61 EMBARKED character character
     62 EMBARKED character character
     63 EMBARKED character character
     64 EMBARKED character character
     65 EMBARKED character character
     66 EMBARKED character character
     67 EMBARKED character character
     68 EMBARKED character character
     69 EMBARKED character character
     70 EMBARKED character character
     71 EMBARKED character character
     72 EMBARKED character character
     73 EMBARKED character character
     74 EMBARKED character character
     75 EMBARKED character character
     76 EMBARKED character character
     77 EMBARKED character character
     78 EMBARKED character character
     79 EMBARKED character character
     80 EMBARKED character character
     81 EMBARKED character character
     82 EMBARKED character character
     83 EMBARKED character character
     84 EMBARKED character character
     85 EMBARKED character character
     86 EMBARKED character character
     87 EMBARKED character character
     88 EMBARKED character character
     89 EMBARKED character character
     90 EMBARKED character character
     91 EMBARKED character character
     92 EMBARKED character character
     93 EMBARKED character character
     94 EMBARKED character character
     95 EMBARKED character character
     96 EMBARKED character character
     97 EMBARKED character character
     98 EMBARKED character character
     99 EMBARKED character character
     100 EMBARKED character character
     101 EMBARKED character character
     102 EMBARKED character character
     103 EMBARKED character character
     104 EMBARKED character character
     105 EMBARKED character character
     106 EMBARKED character character
     107 EMBARKED character character
     108 EMBARKED character character
     109 EMBARKED character character
     110 EMBARKED character character
     111 EMBARKED character character
     112 EMBARKED character character
     113 EMBARKED character character
     114 EMBARKED character character
     115 EMBARKED character character
     116 EMBARKED character character
     117 EMBARKED character character
     118 EMBARKED character character
     119 EMBARKED character character
     120 EMBARKED character character
     121 EMBARKED character character
     122 EMBARKED character character
     123 EMBARKED character character
     124 EMBARKED character character
     125 EMBARKED character character
     126 EMBARKED character character
     127 EMBARKED character character
     128 EMBARKED character character
     129 EMBARKED character character
     130 EMBARKED character character
     131 EMBARKED character character
     132 EMBARKED character character
     133 EMBARKED character character
     134 EMBARKED character character
     135 EMBARKED character character
     136 EMBARKED character character
     137 EMBARKED character character
     138 EMBARKED character character
     139 EMBARKED character character
     140 EMBARKED character character
     141 EMBARKED character character
     142 EMBARKED character character
     143 EMBARKED character character
     144 EMBARKED character character
     145 EMBARKED character character
     146 EMBARKED character character
     147 EMBARKED character character
     148 EMBARKED character character
     149 EMBARKED character character
     150 EMBARKED character character
     151 EMBARKED character character
     152 EMBARKED character character
     153 EMBARKED character character
     154 EMBARKED character character
     155 EMBARKED character character
     156 EMBARKED character character
     157 EMBARKED character character
     158 EMBARKED character character
     159 EMBARKED character character
     160 EMBARKED character character
     161 EMBARKED character character
     162 EMBARKED character character
     163 EMBARKED character character
     164 EMBARKED character character
     165 EMBARKED character character
     166 EMBARKED character character
     167 EMBARKED character character
     168 EMBARKED character character
     169 EMBARKED character character
     170 EMBARKED character character
     171 HASSURVIVED character character
     172 NAME character character
     173 NAME character character
     174 NAME character character
     175 NAME character character
     176 NAME character character
     177 NAME character character
     178 NAME character character
     179 NAME character character
     180 NAME character character
     All columns were compared, all rows were compared
     PASSENGERID
     1 2
     2 10
     3 20
     4 27
     5 31
     6 32
     7 35
     8 37
     9 40
     10 43
     11 44
     12 49
     13 53
     14 55
     15 58
     16 61
     17 62
     18 65
     19 66
     20 74
     21 97
     22 98
     23 112
     24 115
     25 119
     26 123
     27 126
     28 129
     29 131
     30 136
     31 140
     32 141
     33 156
     34 175
     35 178
     36 182
     37 195
     38 196
     39 204
     40 208
     41 210
     42 216
     43 219
     44 241
     45 245
     46 256
     47 257
     48 259
     49 274
     50 286
     51 292
     52 293
     53 296
     54 297
     55 300
     56 307
     57 308
     58 309
     59 310
     60 311
     61 312
     62 320
     63 326
     64 330
     65 338
     66 353
     67 355
     68 362
     69 363
     70 367
     71 368
     72 370
     73 371
     74 374
     75 376
     76 378
     77 379
     78 381
     79 382
     80 390
     81 394
     82 421
     83 449
     84 453
     85 454
     86 456
     87 470
     88 474
     89 485
     90 488
     91 494
     92 496
     93 497
     94 506
     95 514
     96 523
     97 524
     98 525
     99 532
     100 533
     101 534
     102 538
     103 540
     104 545
     105 548
     106 551
     107 554
     108 557
     109 558
     110 569
     111 579
     112 582
     113 584
     114 585
     115 588
     116 592
     117 599
     118 600
     119 605
     120 609
     121 621
     122 623
     123 633
     124 642
     125 645
     126 646
     127 648
     128 660
     129 662
     130 680
     131 682
     132 686
     133 692
     134 694
     135 699
     136 701
     137 703
     138 710
     139 711
     140 717
     141 732
     142 738
     143 743
     144 763
     145 767
     146 774
     147 781
     148 790
     149 794
     150 799
     151 804
     152 818
     153 828
     154 830
     155 831
     156 833
     157 836
     158 840
     159 843
     160 844
     161 848
     162 850
     163 853
     164 859
     165 860
     166 867
     167 875
     168 876
     169 880
     170 890
     171 5
     172 1
     173 2
     174 3
     175 4
     176 5
     177 6
     178 7
     179 8
     180 9
     valueA
     1 C
     2 C
     3 C
     4 C
     5 C
     6 C
     7 C
     8 C
     9 C
     10 C
     11 C
     12 C
     13 C
     14 C
     15 C
     16 C
     17
     18 C
     19 C
     20 C
     21 C
     22 C
     23 C
     24 C
     25 C
     26 C
     27 C
     28 C
     29 C
     30 C
     31 C
     32 C
     33 C
     34 C
     35 C
     36 C
     37 C
     38 C
     39 C
     40 C
     41 C
     42 C
     43 C
     44 C
     45 C
     46 C
     47 C
     48 C
     49 C
     50 C
     51 C
     52 C
     53 C
     54 C
     55 C
     56 C
     57 C
     58 C
     59 C
     60 C
     61 C
     62 C
     63 C
     64 C
     65 C
     66 C
     67 C
     68 C
     69 C
     70 C
     71 C
     72 C
     73 C
     74 C
     75 C
     76 C
     77 C
     78 C
     79 C
     80 C
     81 C
     82 C
     83 C
     84 C
     85 C
     86 C
     87 C
     88 C
     89 C
     90 C
     91 C
     92 C
     93 C
     94 C
     95 C
     96 C
     97 C
     98 C
     99 C
     100 C
     101 C
     102 C
     103 C
     104 C
     105 C
     106 C
     107 C
     108 C
     109 C
     110 C
     111 C
     112 C
     113 C
     114 C
     115 C
     116 C
     117 C
     118 C
     119 C
     120 C
     121 C
     122 C
     123 C
     124 C
     125 C
     126 C
     127 C
     128 C
     129 C
     130 C
     131 C
     132 C
     133 C
     134 C
     135 C
     136 C
     137 C
     138 C
     139 C
     140 C
     141 C
     142 C
     143 C
     144 C
     145 C
     146 C
     147 C
     148 C
     149 C
     150 C
     151 C
     152 C
     153 C
     154
     155 C
     156 C
     157 C
     158 C
     159 C
     160 C
     161 C
     162 C
     163 C
     164 C
     165 C
     166 C
     167 C
     168 C
     169 C
     170 C
     171 <NA>
     172 Jack and Rose or Rose and Jack or Jack and Rose or Rose and Jack or
     173 Cumings, Mrs. John Bradley (Florence Briggs Thayer)
     174 Heikkinen, Miss. Laina
     175 Futrelle, Mrs. Jacques Heath (Lily May Peel)
     176 NaN
     177 Jack and Rose or Rose and Jack or Jack and Rose or Rose and Jack or Jack and Rose or Rose and Jack or Jack and Rose or Rose and Jack or
     178 McCarthy, Mr. Timothy J
     179 Palsson, Master. Gosta Leonard
     180 a¬!£$%^&*()_+{}:@~<>?
     valueB
     1
     2
     3
     4
     5
     6
     7
     8
     9
     10
     11
     12
     13
     14
     15
     16
     17 C
     18
     19
     20
     21
     22
     23
     24
     25
     26
     27
     28
     29
     30
     31
     32
     33
     34
     35
     36
     37
     38
     39
     40
     41
     42
     43
     44
     45
     46
     47
     48
     49
     50
     51
     52
     53
     54
     55
     56
     57
     58
     59
     60
     61
     62
     63
     64
     65
     66
     67
     68
     69
     70
     71
     72
     73
     74
     75
     76
     77
     78
     79
     80
     81
     82
     83
     84
     85
     86
     87
     88
     89
     90
     91
     92
     93
     94
     95
     96
     97
     98
     99
     100
     101
     102
     103
     104
     105
     106
     107
     108
     109
     110
     111
     112
     113
     114
     115
     116
     117
     118
     119
     120
     121
     122
     123
     124
     125
     126
     127
     128
     129
     130
     131
     132
     133
     134
     135
     136
     137
     138
     139
     140
     141
     142
     143
     144
     145
     146
     147
     148
     149
     150
     151
     152
     153
     154 C
     155
     156
     157
     158
     159
     160
     161
     162
     163
     164
     165
     166
     167
     168
     169
     170
     171 NaN
     172 Jack and Rose or Rose and Jack or Jack and Rose or Rose and Jack or Jack and Rose or Rose and Jack or ?
     173 Cumings, Mrs. John Bradley (Florence Briggs Thayer)
     174 Heikkinen, Miss. Laina
     175 Futrelle, Mrs. Jacques Heath (Lily May Peel)
     176 <NA>
     177 Jack and Rose or Rose and Jack or Jack and Rose or Rose and Jack or Jack and Rose or Rose and Jack or\nJack and Rose or Rose and Jack or
     178 mccarthy, mr. timothy j
     179 PALSSON, MASTER. GOSTA LEONARD
     180 a
     variable typeA typeB diffAB
     1 EMBARKED character character
     2 EMBARKED character character
     3 EMBARKED character character
     4 EMBARKED character character
     5 EMBARKED character character
     6 EMBARKED character character
     7 EMBARKED character character
     8 EMBARKED character character
     9 EMBARKED character character
     10 EMBARKED character character
     11 EMBARKED character character
     12 EMBARKED character character
     13 EMBARKED character character
     14 EMBARKED character character
     15 EMBARKED character character
     16 EMBARKED character character
     17 EMBARKED character character
     18 EMBARKED character character
     19 EMBARKED character character
     20 EMBARKED character character
     21 EMBARKED character character
     22 EMBARKED character character
     23 EMBARKED character character
     24 EMBARKED character character
     25 EMBARKED character character
     26 EMBARKED character character
     27 EMBARKED character character
     28 EMBARKED character character
     29 EMBARKED character character
     30 EMBARKED character character
     31 EMBARKED character character
     32 EMBARKED character character
     33 EMBARKED character character
     34 EMBARKED character character
     35 EMBARKED character character
     36 EMBARKED character character
     37 EMBARKED character character
     38 EMBARKED character character
     39 EMBARKED character character
     40 EMBARKED character character
     41 EMBARKED character character
     42 EMBARKED character character
     43 EMBARKED character character
     44 EMBARKED character character
     45 EMBARKED character character
     46 EMBARKED character character
     47 EMBARKED character character
     48 EMBARKED character character
     49 EMBARKED character character
     50 EMBARKED character character
     51 EMBARKED character character
     52 EMBARKED character character
     53 EMBARKED character character
     54 EMBARKED character character
     55 EMBARKED character character
     56 EMBARKED character character
     57 EMBARKED character character
     58 EMBARKED character character
     59 EMBARKED character character
     60 EMBARKED character character
     61 EMBARKED character character
     62 EMBARKED character character
     63 EMBARKED character character
     64 EMBARKED character character
     65 EMBARKED character character
     66 EMBARKED character character
     67 EMBARKED character character
     68 EMBARKED character character
     69 EMBARKED character character
     70 EMBARKED character character
     71 EMBARKED character character
     72 EMBARKED character character
     73 EMBARKED character character
     74 EMBARKED character character
     75 EMBARKED character character
     76 EMBARKED character character
     77 EMBARKED character character
     78 EMBARKED character character
     79 EMBARKED character character
     80 EMBARKED character character
     81 EMBARKED character character
     82 EMBARKED character character
     83 EMBARKED character character
     84 EMBARKED character character
     85 EMBARKED character character
     86 EMBARKED character character
     87 EMBARKED character character
     88 EMBARKED character character
     89 EMBARKED character character
     90 EMBARKED character character
     91 EMBARKED character character
     92 EMBARKED character character
     93 EMBARKED character character
     94 EMBARKED character character
     95 EMBARKED character character
     96 EMBARKED character character
     97 EMBARKED character character
     98 EMBARKED character character
     99 EMBARKED character character
     100 EMBARKED character character
     101 EMBARKED character character
     102 EMBARKED character character
     103 EMBARKED character character
     104 EMBARKED character character
     105 EMBARKED character character
     106 EMBARKED character character
     107 EMBARKED character character
     108 EMBARKED character character
     109 EMBARKED character character
     110 EMBARKED character character
     111 EMBARKED character character
     112 EMBARKED character character
     113 EMBARKED character character
     114 EMBARKED character character
     115 EMBARKED character character
     116 EMBARKED character character
     117 EMBARKED character character
     118 EMBARKED character character
     119 EMBARKED character character
     120 EMBARKED character character
     121 EMBARKED character character
     122 EMBARKED character character
     123 EMBARKED character character
     124 EMBARKED character character
     125 EMBARKED character character
     126 EMBARKED character character
     127 EMBARKED character character
     128 EMBARKED character character
     129 EMBARKED character character
     130 EMBARKED character character
     131 EMBARKED character character
     132 EMBARKED character character
     133 EMBARKED character character
     134 EMBARKED character character
     135 EMBARKED character character
     136 EMBARKED character character
     137 EMBARKED character character
     138 EMBARKED character character
     139 EMBARKED character character
     140 EMBARKED character character
     141 EMBARKED character character
     142 EMBARKED character character
     143 EMBARKED character character
     144 EMBARKED character character
     145 EMBARKED character character
     146 EMBARKED character character
     147 EMBARKED character character
     148 EMBARKED character character
     149 EMBARKED character character
     150 EMBARKED character character
     151 EMBARKED character character
     152 EMBARKED character character
     153 EMBARKED character character
     154 EMBARKED character character
     155 EMBARKED character character
     156 EMBARKED character character
     157 EMBARKED character character
     158 EMBARKED character character
     159 EMBARKED character character
     160 EMBARKED character character
     161 EMBARKED character character
     162 EMBARKED character character
     163 EMBARKED character character
     164 EMBARKED character character
     165 EMBARKED character character
     166 EMBARKED character character
     167 EMBARKED character character
     168 EMBARKED character character
     169 EMBARKED character character
     170 EMBARKED character character
     171 HASSURVIVED character character
     172 NAME character character
     173 NAME character character
     174 NAME character character
     175 NAME character character
     176 NAME character character
     177 NAME character character
     178 NAME character character
     179 NAME character character
     180 NAME character character
     -- 1. Failure: Coercion wrapper function (@testCoercion.R#92) -----------------
     executeCoercions(Fac, WSF, T) not equal to `Ret3`.
     Component "DataTypes": Component "numeric": 1 string mismatch
     Component "DataTypes": Component "character": 2 string mismatches
    
     -- 2. Failure: Coercion wrapper function (@testCoercion.R#93) -----------------
     executeCoercions(Fac, WSF, F) not equal to `Ret4`.
     Component "DataTypes": Component "numeric": 1 string mismatch
     Component "DataTypes": Component "character": 2 string mismatches
    
     -- 3. Failure: Coercion wrapper function (@testCoercion.R#94) -----------------
     executeCoercions(WSF, Fac, F) not equal to `Ret5`.
     Component "DataTypes": Component "numeric": 1 string mismatch
     Component "DataTypes": Component "character": 2 string mismatches
    
     -- 4. Failure: Coercion wrapper function (@testCoercion.R#95) -----------------
     executeCoercions(WS, WSF, T) not equal to `Ret6`.
     Component "DataTypes": Component "character": 1 string mismatch
    
     -- 5. Failure: ComparisonOfEquals (@testEndToEndFourKeys.R#63) ----------------
     length(ABcomparison$cleaninginfo$COLOR) not equal to 4.
     1/1 mismatches
     [1] 0 - 4 == -4
    
     -- 6. Failure: ComparisonOfUnEquals (@testEndToEndFourKeys.R#107) -------------
     length(ABcomparison$cleaninginfo$COLOR) not equal to 4.
     1/1 mismatches
     [1] 0 - 4 == -4
    
     -- 7. Failure: ComparisonOfMissRows (@testEndToEndFourKeys.R#147) -------------
     length(ABcomparison$cleaninginfo$COLOR) not equal to 4.
     1/1 mismatches
     [1] 0 - 4 == -4
    
     -- 8. Failure: ComparisonOfMissCols (@testEndToEndFourKeys.R#188) -------------
     length(ABcomparison$cleaninginfo$COLOR) not equal to 4.
     1/1 mismatches
     [1] 0 - 4 == -4
    
     -- 9. Failure: ComparisonOfEquals (@testEndToEndTwoKeys.R#59) -----------------
     length(ABcomparison$cleaninginfo$COLOR) not equal to 4.
     1/1 mismatches
     [1] 0 - 4 == -4
    
     -- 10. Failure: ComparisonOfUnEquals (@testEndToEndTwoKeys.R#99) --------------
     length(ABcomparison$cleaninginfo$COLOR) not equal to 4.
     1/1 mismatches
     [1] 0 - 4 == -4
    
     -- 11. Failure: ComparisonOfMissRows (@testEndToEndTwoKeys.R#135) -------------
     length(ABcomparison$cleaninginfo$COLOR) not equal to 4.
     1/1 mismatches
     [1] 0 - 4 == -4
    
     -- 12. Failure: ComparisonOfMissCols (@testEndToEndTwoKeys.R#172) -------------
     length(ABcomparison$cleaninginfo$COLOR) not equal to 4.
     1/1 mismatches
     [1] 0 - 4 == -4
    
     Sepal.Length Sepal.Width Petal.Length Petal.Width
     Min. :4.300 Min. :2.000 Min. :1.000 Min. :0.100
     1st Qu.:5.100 1st Qu.:2.800 1st Qu.:1.600 1st Qu.:0.300
     Median :5.800 Median :3.000 Median :4.350 Median :1.300
     Mean :5.843 Mean :3.057 Mean :3.758 Mean :1.199
     3rd Qu.:6.400 3rd Qu.:3.300 3rd Qu.:5.100 3rd Qu.:1.800
     Max. :7.900 Max. :4.400 Max. :6.900 Max. :2.500
     Species
     setosa :50
     versicolor:50
     virginica :50
    
    
    
     `__a horrible name` `and another` `___so so bad` and111
     Min. :4.300 Min. :2.000 Min. :1.000 Min. :0.100
     1st Qu.:5.100 1st Qu.:2.800 1st Qu.:1.600 1st Qu.:0.300
     Median :5.800 Median :3.000 Median :4.350 Median :1.300
     Mean :5.843 Mean :3.057 Mean :3.758 Mean :1.199
     3rd Qu.:6.400 3rd Qu.:3.300 3rd Qu.:5.100 3rd Qu.:1.800
     Max. :7.900 Max. :4.400 Max. :6.900 Max. :2.500
     a_good_one
     setosa :50
     versicolor:50
     virginica :50
    
    
    
     == testthat results ===========================================================
     [ OK: 957 | SKIPPED: 3 | WARNINGS: 166 | FAILED: 12 ]
     1. Failure: Coercion wrapper function (@testCoercion.R#92)
     2. Failure: Coercion wrapper function (@testCoercion.R#93)
     3. Failure: Coercion wrapper function (@testCoercion.R#94)
     4. Failure: Coercion wrapper function (@testCoercion.R#95)
     5. Failure: ComparisonOfEquals (@testEndToEndFourKeys.R#63)
     6. Failure: ComparisonOfUnEquals (@testEndToEndFourKeys.R#107)
     7. Failure: ComparisonOfMissRows (@testEndToEndFourKeys.R#147)
     8. Failure: ComparisonOfMissCols (@testEndToEndFourKeys.R#188)
     9. Failure: ComparisonOfEquals (@testEndToEndTwoKeys.R#59)
     1. ...
    
     Error: testthat unit tests failed
     Execution halted
Flavor: r-devel-linux-x86_64-debian-clang