CRAN Package Check Results for Package dataMeta

Last updated on 2025-01-12 22:49:54 CET.

Flavor Version Tinstall Tcheck Ttotal Status Flags
r-devel-linux-x86_64-debian-clang 0.1.1 1.80 23.98 25.78 NOTE
r-devel-linux-x86_64-debian-gcc 0.1.1 1.53 19.85 21.38 NOTE
r-devel-linux-x86_64-fedora-clang 0.1.1 43.41 NOTE
r-devel-linux-x86_64-fedora-gcc 0.1.1 55.60 NOTE
r-devel-windows-x86_64 0.1.1 4.00 50.00 54.00 OK
r-patched-linux-x86_64 0.1.1 1.95 22.99 24.94 NOTE
r-release-linux-x86_64 0.1.1 1.57 22.76 24.33 NOTE
r-release-macos-arm64 0.1.1 24.00 OK
r-release-macos-x86_64 0.1.1 34.00 OK
r-release-windows-x86_64 0.1.1 3.00 49.00 52.00 OK
r-oldrel-macos-arm64 0.1.1 24.00 OK
r-oldrel-macos-x86_64 0.1.1 33.00 OK
r-oldrel-windows-x86_64 0.1.1 4.00 47.00 51.00 OK

Check Details

Version: 0.1.1
Check: for non-standard things in the check directory
Result: NOTE Found the following files/directories: ‘my new data set.rds’ Flavors: r-devel-linux-x86_64-debian-clang, r-devel-linux-x86_64-debian-gcc, r-devel-linux-x86_64-fedora-clang, r-devel-linux-x86_64-fedora-gcc, r-patched-linux-x86_64, r-release-linux-x86_64