CRAN Package Check Results for Package dataMeta

Last updated on 2024-02-24 21:40:17 CET.

Flavor Version Tinstall Tcheck Ttotal Status Flags
r-devel-linux-x86_64-debian-clang 0.1.1 2.05 28.98 31.03 NOTE
r-devel-linux-x86_64-debian-gcc 0.1.1 1.80 22.51 24.31 NOTE
r-devel-linux-x86_64-fedora-clang 0.1.1 39.23 NOTE
r-devel-linux-x86_64-fedora-gcc 0.1.1 48.56 NOTE
r-devel-windows-x86_64 0.1.1 3.00 45.00 48.00 OK
r-patched-linux-x86_64 0.1.1 1.98 28.06 30.04 NOTE
r-release-linux-x86_64 0.1.1 2.24 28.27 30.51 NOTE
r-release-macos-arm64 0.1.1 24.00 OK
r-release-macos-x86_64 0.1.1 33.00 OK
r-release-windows-x86_64 0.1.1 4.00 47.00 51.00 OK
r-oldrel-macos-arm64 0.1.1 18.00 OK
r-oldrel-windows-x86_64 0.1.1 5.00 48.00 53.00 OK

Check Details

Version: 0.1.1
Check: for non-standard things in the check directory
Result: NOTE Found the following files/directories: ‘my new data set.rds’ Flavors: r-devel-linux-x86_64-debian-clang, r-devel-linux-x86_64-debian-gcc, r-devel-linux-x86_64-fedora-clang, r-devel-linux-x86_64-fedora-gcc, r-patched-linux-x86_64, r-release-linux-x86_64