Last updated on 2023-09-28 23:08:43 CEST.
Flavor | Version | Tinstall | Tcheck | Ttotal | Status | Flags |
---|---|---|---|---|---|---|
r-devel-linux-x86_64-debian-clang | 0.1.2 | 2.97 | 36.24 | 39.21 | NOTE | |
r-devel-linux-x86_64-debian-gcc | 0.1.2 | 2.64 | 27.88 | 30.52 | NOTE | |
r-devel-linux-x86_64-fedora-clang | 0.1.2 | 48.19 | NOTE | |||
r-devel-linux-x86_64-fedora-gcc | 0.1.2 | 46.82 | NOTE | |||
r-devel-windows-x86_64 | 0.1.2 | 4.00 | 55.00 | 59.00 | NOTE | |
r-patched-linux-x86_64 | 0.1.2 | 2.78 | 35.20 | 37.98 | NOTE | |
r-release-linux-x86_64 | 0.1.2 | 3.11 | 35.37 | 38.48 | NOTE | |
r-release-macos-arm64 | 0.1.2 | 21.00 | NOTE | |||
r-release-macos-x86_64 | 0.1.2 | 30.00 | NOTE | |||
r-release-windows-x86_64 | 0.1.2 | 7.00 | 54.00 | 61.00 | NOTE | |
r-oldrel-macos-arm64 | 0.1.2 | 18.00 | NOTE | |||
r-oldrel-macos-x86_64 | 0.1.2 | 31.00 | NOTE | |||
r-oldrel-windows-x86_64 | 0.1.2 | 5.00 | 58.00 | 63.00 | NOTE |
Version: 0.1.2
Check: LazyData
Result: NOTE
'LazyData' is specified without a 'data' directory
Flavors: r-devel-linux-x86_64-debian-clang, r-devel-linux-x86_64-debian-gcc, r-devel-linux-x86_64-fedora-clang, r-devel-linux-x86_64-fedora-gcc, r-devel-windows-x86_64, r-patched-linux-x86_64, r-release-linux-x86_64, r-release-macos-arm64, r-release-macos-x86_64, r-release-windows-x86_64, r-oldrel-macos-arm64, r-oldrel-macos-x86_64, r-oldrel-windows-x86_64