CRAN Package Check Results for Package datapackage.r

Last updated on 2021-07-27 01:50:39 CEST.

Flavor Version Tinstall Tcheck Ttotal Status Flags
r-devel-linux-x86_64-debian-clang 1.3.3 8.70 105.50 114.20 OK
r-devel-linux-x86_64-debian-gcc 1.3.3 6.94 78.72 85.66 OK
r-devel-linux-x86_64-fedora-gcc 1.3.3 137.95 NOTE
r-devel-windows-x86_64 1.3.3 13.00 199.00 212.00 OK
r-devel-windows-x86_64-gcc10-UCRT 1.3.3 NOTE
r-patched-linux-x86_64 1.3.3 12.14 100.31 112.45 OK
r-patched-solaris-x86 1.3.3 189.80 NOTE
r-release-linux-x86_64 1.3.3 6.86 103.28 110.14 OK
r-release-macos-arm64 1.3.3 NOTE
r-release-macos-x86_64 1.3.3 NOTE
r-release-windows-ix86+x86_64 1.3.3 14.00 142.00 156.00 OK
r-oldrel-macos-x86_64 1.3.3 NOTE
r-oldrel-windows-ix86+x86_64 1.3.3 11.00 177.00 188.00 OK

Check Details

Version: 1.3.3
Check: dependencies in R code
Result: NOTE
    Namespaces in Imports field not imported from:
     ‘future’ ‘iterators’ ‘readr’
     All declared Imports should be used.
Flavors: r-devel-linux-x86_64-fedora-gcc, r-devel-windows-x86_64-gcc10-UCRT, r-patched-solaris-x86, r-release-macos-arm64, r-release-macos-x86_64, r-oldrel-macos-x86_64