CRAN Package Check Results for Package datapasta

Last updated on 2022-08-11 22:59:58 CEST.

Flavor Version Tinstall Tcheck Ttotal Status Flags
r-devel-linux-x86_64-debian-clang 3.1.0 2.93 34.17 37.10 NOTE
r-devel-linux-x86_64-debian-gcc 3.1.0 2.68 26.43 29.11 NOTE
r-devel-linux-x86_64-fedora-clang 3.1.0 55.98 NOTE
r-devel-linux-x86_64-fedora-gcc 3.1.0 55.41 NOTE
r-devel-windows-x86_64 3.1.0 34.00 65.00 99.00 NOTE
r-patched-linux-x86_64 3.1.0 2.68 32.83 35.51 NOTE
r-release-linux-x86_64 3.1.0 3.52 32.81 36.33 NOTE
r-release-macos-arm64 3.1.0 18.00 NOTE
r-release-macos-x86_64 3.1.0 32.00 NOTE
r-release-windows-x86_64 3.1.0 6.00 65.00 71.00 NOTE
r-oldrel-macos-arm64 3.1.0 23.00 NOTE
r-oldrel-macos-x86_64 3.1.0 34.00 NOTE
r-oldrel-windows-ix86+x86_64 3.1.0 8.00 50.00 58.00 NOTE

Check Details

Version: 3.1.0
Check: LazyData
Result: NOTE
     'LazyData' is specified without a 'data' directory
Flavors: r-devel-linux-x86_64-debian-clang, r-devel-linux-x86_64-debian-gcc, r-devel-linux-x86_64-fedora-clang, r-devel-linux-x86_64-fedora-gcc, r-devel-windows-x86_64, r-patched-linux-x86_64, r-release-linux-x86_64, r-release-macos-arm64, r-release-macos-x86_64, r-release-windows-x86_64, r-oldrel-macos-arm64, r-oldrel-macos-x86_64, r-oldrel-windows-ix86+x86_64