CRAN Package Check Results for Package datarobot

Last updated on 2021-10-26 22:57:58 CEST.

Flavor Version Tinstall Tcheck Ttotal Status Flags
r-devel-linux-x86_64-debian-clang 2.18.0 10.54 119.78 130.32 OK
r-devel-linux-x86_64-debian-gcc 2.18.0 9.48 88.91 98.39 OK
r-devel-linux-x86_64-fedora-clang 2.18.0 165.68 OK
r-devel-linux-x86_64-fedora-gcc 2.18.0 220.27 OK
r-devel-windows-x86_64 2.18.0 19.00 177.00 196.00 OK
r-devel-windows-x86_64-gcc10-UCRT 2.18.0 OK
r-patched-linux-x86_64 2.18.0 14.52 121.40 135.92 OK
r-patched-solaris-x86 2.18.0 186.80 NOTE
r-release-linux-x86_64 2.18.0 11.85 119.46 131.31 OK
r-release-macos-arm64 2.18.0 OK
r-release-macos-x86_64 2.18.0 OK
r-release-windows-ix86+x86_64 2.18.0 15.00 161.00 176.00 OK
r-oldrel-macos-x86_64 2.18.0 OK
r-oldrel-windows-ix86+x86_64 2.18.0 22.00 174.00 196.00 OK

Check Details

Version: 2.18.0
Check: installed package size
Result: NOTE
     installed size is 5.2Mb
     sub-directories of 1Mb or more:
     doc 2.4Mb
     extdata 1.4Mb
Flavor: r-patched-solaris-x86