CRAN Package Check Results for Package dataverifyr

Last updated on 2024-02-22 21:51:37 CET.

Flavor Version Tinstall Tcheck Ttotal Status Flags
r-devel-linux-x86_64-debian-clang 0.1.8 NOTE
r-devel-linux-x86_64-debian-gcc 0.1.8 2.04 27.79 29.83 OK
r-devel-linux-x86_64-fedora-clang 0.1.8 49.80 NOTE
r-devel-linux-x86_64-fedora-gcc 0.1.8 45.45 OK
r-devel-windows-x86_64 0.1.8 3.00 54.00 57.00 OK
r-patched-linux-x86_64 0.1.8 2.37 36.11 38.48 OK
r-release-linux-x86_64 0.1.8 1.93 36.38 38.31 OK
r-release-macos-arm64 0.1.8 27.00 OK
r-release-macos-x86_64 0.1.8 52.00 OK
r-release-windows-x86_64 0.1.8 3.00 56.00 59.00 OK
r-oldrel-macos-arm64 0.1.8 27.00 OK
r-oldrel-windows-x86_64 0.1.8 4.00 58.00 62.00 OK

Check Details

Version: 0.1.8
Check: package dependencies
Result: NOTE Package suggested but not available for checking: ‘arrow’ Flavors: r-devel-linux-x86_64-debian-clang, r-devel-linux-x86_64-fedora-clang