CRAN Package Check Results for Package datetime

Last updated on 2024-02-25 23:02:04 CET.

Flavor Version Tinstall Tcheck Ttotal Status Flags
r-devel-linux-x86_64-debian-clang 0.1.4 2.09 23.21 25.30 NOTE
r-devel-linux-x86_64-debian-gcc 0.1.4 1.88 18.16 20.04 NOTE
r-devel-linux-x86_64-fedora-clang 0.1.4 32.72 NOTE
r-devel-linux-x86_64-fedora-gcc 0.1.4 31.37 NOTE
r-devel-windows-x86_64 0.1.4 3.00 39.00 42.00 NOTE
r-patched-linux-x86_64 0.1.4 2.93 22.69 25.62 NOTE
r-release-linux-x86_64 0.1.4 2.22 22.57 24.79 NOTE
r-release-macos-arm64 0.1.4 16.00 NOTE
r-release-macos-x86_64 0.1.4 21.00 NOTE
r-release-windows-x86_64 0.1.4 3.00 39.00 42.00 NOTE
r-oldrel-macos-arm64 0.1.4 15.00 NOTE
r-oldrel-windows-x86_64 0.1.4 4.00 43.00 47.00 NOTE

Check Details

Version: 0.1.4
Check: package dependencies
Result: NOTE Package suggested but not available for checking: ‘SASxport’ Flavors: r-devel-linux-x86_64-debian-clang, r-devel-linux-x86_64-debian-gcc, r-devel-linux-x86_64-fedora-clang, r-devel-linux-x86_64-fedora-gcc, r-devel-windows-x86_64, r-patched-linux-x86_64, r-release-linux-x86_64, r-release-macos-arm64, r-release-macos-x86_64, r-release-windows-x86_64, r-oldrel-windows-x86_64

Version: 0.1.4
Check: LazyData
Result: NOTE 'LazyData' is specified without a 'data' directory Flavors: r-devel-linux-x86_64-debian-clang, r-devel-linux-x86_64-debian-gcc, r-devel-linux-x86_64-fedora-clang, r-devel-linux-x86_64-fedora-gcc, r-devel-windows-x86_64, r-patched-linux-x86_64, r-release-linux-x86_64, r-release-macos-arm64, r-release-macos-x86_64, r-release-windows-x86_64, r-oldrel-macos-arm64, r-oldrel-windows-x86_64