Last updated on 2024-03-27 22:57:42 CET.
Flavor | Version | Tinstall | Tcheck | Ttotal | Status | Flags |
---|---|---|---|---|---|---|
r-devel-linux-x86_64-debian-clang | 0.1.5 | 43.24 | 87.29 | 130.53 | WARN | |
r-devel-linux-x86_64-debian-gcc | 0.1.5 | 30.40 | 64.54 | 94.94 | OK | |
r-devel-linux-x86_64-fedora-clang | 0.1.5 | 171.21 | OK | |||
r-devel-linux-x86_64-fedora-gcc | 0.1.5 | 178.41 | OK | |||
r-devel-windows-x86_64 | 0.1.5 | 36.00 | 122.00 | 158.00 | OK | |
r-patched-linux-x86_64 | 0.1.5 | 42.58 | 80.29 | 122.87 | OK | |
r-release-linux-x86_64 | 0.1.5 | 36.97 | 82.21 | 119.18 | OK | |
r-release-macos-arm64 | 0.1.5 | 48.00 | OK | |||
r-release-macos-x86_64 | 0.1.5 | 82.00 | OK | |||
r-release-windows-x86_64 | 0.1.5 | 43.00 | 131.00 | 174.00 | OK | |
r-oldrel-macos-arm64 | 0.1.5 | 48.00 | OK | |||
r-oldrel-windows-x86_64 | 0.1.5 | 41.00 | 129.00 | 170.00 | OK |
Version: 0.1.5
Check: dependencies in R code
Result: NOTE
Fortran STOP
IEEE arithmetic exceptions signaled: INEXACT
Flavor: r-devel-linux-x86_64-debian-clang
Version: 0.1.5
Check: S3 generic/method consistency
Result: WARN
Fortran STOP
IEEE arithmetic exceptions signaled: INEXACT
See section ‘Generic functions and methods’ in the ‘Writing R
Extensions’ manual.
Flavor: r-devel-linux-x86_64-debian-clang
Version: 0.1.5
Check: replacement functions
Result: WARN
Fortran STOP
IEEE arithmetic exceptions signaled: INEXACT
The argument of a replacement function which corresponds to the right
hand side must be named ‘value’.
Flavor: r-devel-linux-x86_64-debian-clang
Version: 0.1.5
Check: foreign function calls
Result: NOTE
Fortran STOP
IEEE arithmetic exceptions signaled: INEXACT
See chapter ‘System and foreign language interfaces’ in the ‘Writing R
Extensions’ manual.
Flavor: r-devel-linux-x86_64-debian-clang
Version: 0.1.5
Check: R code for possible problems
Result: NOTE
Fortran STOP
IEEE arithmetic exceptions signaled: INEXACT
Fortran STOP
IEEE arithmetic exceptions signaled: INEXACT
Fortran STOP
IEEE arithmetic exceptions signaled: INEXACT
Flavor: r-devel-linux-x86_64-debian-clang
Version: 0.1.5
Check: for missing documentation entries
Result: WARN
Fortran STOP
IEEE arithmetic exceptions signaled: INEXACT
All user-level objects in a package should have documentation entries.
See chapter ‘Writing R documentation files’ in the ‘Writing R
Extensions’ manual.
Flavor: r-devel-linux-x86_64-debian-clang
Version: 0.1.5
Check: for code/documentation mismatches
Result: WARN
Fortran STOP
IEEE arithmetic exceptions signaled: INEXACT
Fortran STOP
IEEE arithmetic exceptions signaled: INEXACT
Fortran STOP
IEEE arithmetic exceptions signaled: INEXACT
Flavor: r-devel-linux-x86_64-debian-clang
Version: 0.1.5
Check: Rd \usage sections
Result: NOTE
Fortran STOP
IEEE arithmetic exceptions signaled: INEXACT
The \usage entries for S3 methods should use the \method markup and not
their full name.
See chapter ‘Writing R documentation files’ in the ‘Writing R
Extensions’ manual.
Flavor: r-devel-linux-x86_64-debian-clang