CRAN Package Check Results for Package datoramar

Last updated on 2021-11-29 22:59:09 CET.

Flavor Version Tinstall Tcheck Ttotal Status Flags
r-devel-linux-x86_64-debian-clang 0.1.0 1.98 19.33 21.31 NOTE
r-devel-linux-x86_64-debian-gcc 0.1.0 1.61 15.45 17.06 NOTE
r-devel-linux-x86_64-fedora-clang 0.1.0 37.38 NOTE
r-devel-linux-x86_64-fedora-gcc 0.1.0 26.33 NOTE
r-devel-windows-x86_64-new-UL 0.1.0 6.00 53.00 59.00 NOTE
r-devel-windows-x86_64-new-TK 0.1.0 NOTE
r-devel-windows-x86_64-old 0.1.0 4.00 27.00 31.00 NOTE
r-patched-linux-x86_64 0.1.0 1.92 18.48 20.40 NOTE
r-patched-solaris-x86 0.1.0 41.10 NOTE
r-release-linux-x86_64 0.1.0 1.95 18.53 20.48 NOTE
r-release-macos-arm64 0.1.0 NOTE
r-release-macos-x86_64 0.1.0 NOTE
r-release-windows-ix86+x86_64 0.1.0 4.00 29.00 33.00 NOTE
r-oldrel-macos-x86_64 0.1.0 OK
r-oldrel-windows-ix86+x86_64 0.1.0 4.00 29.00 33.00 OK

Check Details

Version: 0.1.0
Check: LazyData
Result: NOTE
     'LazyData' is specified without a 'data' directory
Flavors: r-devel-linux-x86_64-debian-clang, r-devel-linux-x86_64-debian-gcc, r-devel-linux-x86_64-fedora-clang, r-devel-linux-x86_64-fedora-gcc, r-devel-windows-x86_64-new-UL, r-devel-windows-x86_64-new-TK, r-devel-windows-x86_64-old, r-patched-linux-x86_64, r-patched-solaris-x86, r-release-linux-x86_64, r-release-macos-arm64, r-release-macos-x86_64, r-release-windows-ix86+x86_64