CRAN Package Check Results for Package daySupply

Last updated on 2024-06-12 22:56:19 CEST.

Flavor Version Tinstall Tcheck Ttotal Status Flags
r-devel-linux-x86_64-debian-clang 0.1.0 12.93 93.13 106.06 OK
r-devel-linux-x86_64-debian-gcc 0.1.0 0.32 1.69 2.01 ERROR
r-devel-linux-x86_64-fedora-clang 0.1.0 127.87 OK
r-devel-linux-x86_64-fedora-gcc 0.1.0 119.55 OK
r-devel-windows-x86_64 0.1.0 10.00 78.00 88.00 OK
r-patched-linux-x86_64 0.1.0 10.09 89.33 99.42 OK
r-release-linux-x86_64 0.1.0 7.47 87.63 95.10 OK
r-release-macos-arm64 0.1.0 35.00 OK
r-release-macos-x86_64 0.1.0 54.00 OK
r-release-windows-x86_64 0.1.0 10.00 78.00 88.00 OK
r-oldrel-macos-arm64 0.1.0 45.00 OK
r-oldrel-macos-x86_64 0.1.0 64.00 OK
r-oldrel-windows-x86_64 0.1.0 13.00 93.00 106.00 OK

Check Details

Version: 0.1.0
Check: package dependencies
Result: ERROR Packages required but not available: 'dplyr', 'lme4' See section ‘The DESCRIPTION file’ in the ‘Writing R Extensions’ manual. Flavor: r-devel-linux-x86_64-debian-gcc