CRAN Package Check Results for Package dbglm

Last updated on 2024-02-28 22:59:16 CET.

Flavor Version Tinstall Tcheck Ttotal Status Flags
r-devel-linux-x86_64-debian-clang 1.0.0 4.85 56.51 61.36 OK
r-devel-linux-x86_64-debian-gcc 1.0.0 5.41 44.16 49.57 OK
r-devel-linux-x86_64-fedora-clang 1.0.0 79.97 NOTE
r-devel-linux-x86_64-fedora-gcc 1.0.0 77.43 NOTE
r-devel-windows-x86_64 1.0.0 7.00 66.00 73.00 OK
r-patched-linux-x86_64 1.0.0 3.95 55.57 59.52 OK
r-release-linux-x86_64 1.0.0 4.24 55.99 60.23 OK
r-release-macos-arm64 1.0.0 27.00 OK
r-release-macos-x86_64 1.0.0 43.00 OK
r-release-windows-x86_64 1.0.0 10.00 73.00 83.00 OK
r-oldrel-macos-arm64 1.0.0 29.00 NOTE
r-oldrel-windows-x86_64 1.0.0 10.00 88.00 98.00 OK

Check Details

Version: 1.0.0
Check: dependencies in R code
Result: NOTE Namespaces in Imports field not imported from: ‘knitr’ ‘tidyverse’ ‘vctrs’ All declared Imports should be used. Flavors: r-devel-linux-x86_64-fedora-clang, r-devel-linux-x86_64-fedora-gcc, r-oldrel-macos-arm64