CRAN Package Check Results for Package dbmss

Last updated on 2019-12-10 22:49:30 CET.

Flavor Version Tinstall Tcheck Ttotal Status Flags
r-devel-linux-x86_64-debian-clang 2.7-0 30.24 133.50 163.74 OK
r-devel-linux-x86_64-debian-gcc 2.7-0 21.56 102.32 123.88 OK
r-devel-linux-x86_64-fedora-clang 2.7-0 214.11 OK
r-devel-linux-x86_64-fedora-gcc 2.7-0 202.67 OK
r-devel-windows-ix86+x86_64 2.7-0 64.00 299.00 363.00 OK
r-devel-windows-ix86+x86_64-gcc8 2.7-0 69.00 223.00 292.00 OK
r-patched-linux-x86_64 2.7-0 26.67 119.10 145.77 OK
r-patched-solaris-x86 2.7-0 265.00 OK
r-release-linux-x86_64 2.7-0 22.38 118.81 141.19 OK
r-release-windows-ix86+x86_64 2.7-0 73.00 216.00 289.00 OK
r-release-osx-x86_64 2.7-0 OK
r-oldrel-windows-ix86+x86_64 2.7-0 48.00 195.00 243.00 WARN
r-oldrel-osx-x86_64 2.7-0 OK

Check Details

Version: 2.7-0
Check: whether package can be installed
Result: WARN
    Found the following significant warnings:
     Warning: S3 methods '[.fun_list', '[.grouped_df', 'all.equal.tbl_df', 'anti_join.data.frame', 'anti_join.tbl_df', 'arrange.data.frame', 'arrange.default', 'arrange.grouped_df', 'arrange.tbl_df', 'arrange_.data.frame', 'arrange_.tbl_df', 'as.data.frame.grouped_df', 'as.data.frame.rowwise_df', 'as.data.frame.tbl_cube', 'as.table.tbl_cube', 'as.tbl.data.frame', 'as.tbl.tbl', 'as.tbl_cube.array', 'as.tbl_cube.data.frame', 'as.tbl_cube.matrix', 'as.tbl_cube.table', 'as_tibble.grouped_df', 'as_tibble.tbl_cube', 'auto_copy.tbl_cube', 'auto_copy.tbl_df', 'cbind.grouped_df', 'collapse.data.frame', 'collect.data.frame', 'common_by.NULL', 'common_by.character', 'common_by.default', 'common_by.list', 'compute.data.frame', 'copy_to.DBIConnection', 'copy_to.src_local', 'default_missing.data.frame', 'default_missing.default', 'dim.tbl_cube', 'distinct.data.frame', 'distinct.default', 'distinct.grouped_df', 'distinct.tbl_df', 'distinct_.data.frame', 'distinct_.grouped_df', 'distinct_.tbl_df', 'do.NULL', 'do.da [... truncated]
Flavor: r-oldrel-windows-ix86+x86_64